[INFO] cloning repository https://github.com/sorairolake/rscrypt
[INFO] running `Command { std: "git" "-c" "credential.helper=" "-c" "credential.helper=/workspace/cargo-home/bin/git-credential-null" "clone" "--bare" "https://github.com/sorairolake/rscrypt" "/workspace/cache/git-repos/https%3A%2F%2Fgithub.com%2Fsorairolake%2Frscrypt", kill_on_drop: false }`
[INFO] [stderr] Cloning into bare repository '/workspace/cache/git-repos/https%3A%2F%2Fgithub.com%2Fsorairolake%2Frscrypt'...
[INFO] running `Command { std: "git" "rev-parse" "HEAD", kill_on_drop: false }`
[INFO] [stdout] 44fcd5fb1f582971646206f231a3a8ee627eb384
[INFO] testing sorairolake/rscrypt against master#2fe50cd72c476ebacdedb14893e9632b4de961c2 for pr-116088-2
[INFO] running `Command { std: "git" "clone" "/workspace/cache/git-repos/https%3A%2F%2Fgithub.com%2Fsorairolake%2Frscrypt" "/workspace/builds/worker-2-tc1/source", kill_on_drop: false }`
[INFO] [stderr] Cloning into '/workspace/builds/worker-2-tc1/source'...
[INFO] [stderr] done.
[INFO] validating manifest of git repo https://github.com/sorairolake/rscrypt on toolchain 2fe50cd72c476ebacdedb14893e9632b4de961c2
[INFO] running `Command { std: CARGO_HOME="/workspace/cargo-home" RUSTUP_HOME="/workspace/rustup-home" "/workspace/cargo-home/bin/cargo" "+2fe50cd72c476ebacdedb14893e9632b4de961c2" "metadata" "--manifest-path" "Cargo.toml" "--no-deps", kill_on_drop: false }`
[INFO] started tweaking git repo https://github.com/sorairolake/rscrypt
[INFO] finished tweaking git repo https://github.com/sorairolake/rscrypt
[INFO] tweaked toml for git repo https://github.com/sorairolake/rscrypt written to /workspace/builds/worker-2-tc1/source/Cargo.toml
[INFO] crate git repo https://github.com/sorairolake/rscrypt already has a lockfile, it will not be regenerated
[INFO] running `Command { std: CARGO_HOME="/workspace/cargo-home" RUSTUP_HOME="/workspace/rustup-home" "/workspace/cargo-home/bin/cargo" "+2fe50cd72c476ebacdedb14893e9632b4de961c2" "fetch" "--manifest-path" "Cargo.toml", kill_on_drop: false }`
[INFO] [stderr]     Blocking waiting for file lock on package cache
[INFO] [stderr]     Updating crates.io index
[INFO] [stderr]     Blocking waiting for file lock on package cache
[INFO] [stderr]  Downloading crates ...
[INFO] [stderr]   Downloaded crossbeam-deque v0.8.4
[INFO] [stderr]   Downloaded shell-words v1.1.0
[INFO] [stderr]   Downloaded windows-targets v0.52.0
[INFO] [stderr]   Downloaded cfg_aliases v0.1.1
[INFO] [stderr]   Downloaded ctr v0.9.2
[INFO] [stderr]   Downloaded anstyle-wincon v3.0.2
[INFO] [stderr]   Downloaded windows-targets v0.42.2
[INFO] [stderr]   Downloaded borsh-derive v1.3.0
[INFO] [stderr]   Downloaded toml_edit v0.20.2
[INFO] [stderr]   Downloaded windows_aarch64_msvc v0.42.2
[INFO] [stderr]   Downloaded num v0.4.1
[INFO] [stderr]   Downloaded anstyle-query v1.0.2
[INFO] [stderr]   Downloaded uuid v1.6.1
[INFO] [stderr]   Downloaded rkyv v0.7.43
[INFO] [stderr]   Downloaded sysinfo v0.30.0
[INFO] [stderr]   Downloaded bstr v1.8.0
[INFO] [stderr]   Downloaded windows_i686_gnu v0.42.2
[INFO] [stderr]   Downloaded windows_i686_msvc v0.52.0
[INFO] [stderr]   Downloaded windows-sys v0.48.0
[INFO] [stderr]   Downloaded windows-sys v0.52.0
[INFO] [stderr]   Downloaded scryptenc v0.8.6
[INFO] [stderr]   Downloaded windows-sys v0.45.0
[INFO] [stderr]   Downloaded windows_x86_64_msvc v0.52.0
[INFO] [stderr]   Downloaded windows_i686_gnu v0.52.0
[INFO] [stderr]   Downloaded windows v0.51.1
[INFO] [stderr]   Downloaded windows_i686_msvc v0.42.2
[INFO] [stderr]   Downloaded windows_x86_64_msvc v0.42.2
[INFO] [stderr]   Downloaded windows_x86_64_gnu v0.52.0
[INFO] [stderr]   Downloaded windows_aarch64_msvc v0.52.0
[INFO] [stderr]   Downloaded windows_aarch64_gnullvm v0.52.0
[INFO] [stderr]   Downloaded windows_aarch64_gnullvm v0.42.2
[INFO] [stderr]   Downloaded windows_x86_64_gnullvm v0.42.2
[INFO] [stderr]   Downloaded windows_x86_64_gnullvm v0.52.0
[INFO] [stderr]   Downloaded windows_x86_64_gnu v0.42.2
[INFO] [stderr]   Downloaded syn v2.0.42
[INFO] [stderr]   Downloaded bitvec v1.0.1
[INFO] [stderr]   Downloaded windows-core v0.51.1
[INFO] [stderr]   Downloaded borsh v1.3.0
[INFO] [stderr]   Downloaded itertools v0.11.0
[INFO] [stderr]   Downloaded aes v0.8.3
[INFO] [stderr]   Downloaded winnow v0.5.30
[INFO] [stderr]   Downloaded clap_builder v4.4.11
[INFO] [stderr]   Downloaded clap v4.4.11
[INFO] [stderr]   Downloaded rust_decimal v1.33.1
[INFO] [stderr]   Downloaded ntapi v0.4.1
[INFO] [stderr]   Downloaded subtle v2.5.0
[INFO] [stderr]   Downloaded tap v1.0.1
[INFO] [stderr]   Downloaded utf8-width v0.1.7
[INFO] [stderr]   Downloaded dialoguer v0.11.0
[INFO] [stderr]   Downloaded proc-macro-crate v2.0.1
[INFO] [stderr]   Downloaded num-rational v0.4.1
[INFO] [stderr]   Downloaded sysexits v0.7.7
[INFO] [stderr]   Downloaded base64ct v1.6.0
[INFO] [stderr]   Downloaded rkyv_derive v0.7.43
[INFO] [stderr]   Downloaded radium v0.7.0
[INFO] [stderr]   Downloaded anstream v0.6.5
[INFO] [stderr]   Downloaded wait-timeout v0.2.0
[INFO] [stderr]   Downloaded serde_derive v1.0.193
[INFO] [stderr]   Downloaded console v0.15.7
[INFO] [stderr]   Downloaded simdutf8 v0.1.4
[INFO] [stderr]   Downloaded crossbeam-utils v0.8.17
[INFO] [stderr]   Downloaded scrypt v0.11.0
[INFO] [stderr]   Downloaded bytecheck_derive v0.6.11
[INFO] [stderr]   Downloaded rend v0.4.1
[INFO] [stderr]   Downloaded predicates-tree v1.0.9
[INFO] [stderr]   Downloaded clap_complete_nushell v4.4.2
[INFO] [stderr]   Downloaded encode_unicode v0.3.6
[INFO] [stderr]   Downloaded seahash v4.1.0
[INFO] [stderr]   Downloaded clap_lex v0.6.0
[INFO] [stderr]   Downloaded anstyle-parse v0.2.3
[INFO] [stderr]   Downloaded byte-unit v5.1.2
[INFO] [stderr]   Downloaded anyhow v1.0.76
[INFO] [stderr]   Downloaded clap_complete v4.4.4
[INFO] [stderr]   Downloaded assert_cmd v2.0.12
[INFO] [stderr]   Downloaded termtree v0.4.1
[INFO] [stderr]   Downloaded syn_derive v0.1.8
[INFO] [stderr]   Downloaded crossbeam-epoch v0.9.16
[INFO] [stderr]   Downloaded wyz v0.5.1
[INFO] [stderr]   Downloaded core-foundation-sys v0.8.6
[INFO] [stderr]   Downloaded doc-comment v0.3.3
[INFO] [stderr]   Downloaded clap_derive v4.4.7
[INFO] [stderr]   Downloaded ptr_meta_derive v0.1.4
[INFO] [stderr]   Downloaded zeroize v1.7.0
[INFO] [stderr]   Downloaded float-cmp v0.9.0
[INFO] [stderr]   Downloaded normalize-line-endings v0.3.0
[INFO] [stderr]   Downloaded predicates v3.0.4
[INFO] [stderr]   Downloaded inout v0.1.3
[INFO] [stderr]   Downloaded ptr_meta v0.1.4
[INFO] [stderr]   Downloaded predicates-core v1.0.6
[INFO] [stderr]   Downloaded difflib v0.4.0
[INFO] [stderr]   Downloaded hashbrown v0.14.3
[INFO] [stderr]   Downloaded salsa20 v0.10.2
[INFO] [stderr]   Downloaded funty v2.0.0
[INFO] [stderr]   Downloaded anstyle v1.0.4
[INFO] [stderr]   Downloaded utf8parse v0.2.1
[INFO] [stderr]   Downloaded num-iter v0.1.43
[INFO] [stderr]   Downloaded terminal_size v0.3.0
[INFO] [stderr]   Downloaded pbkdf2 v0.12.2
[INFO] [stderr]   Downloaded cipher v0.4.4
[INFO] [stderr]   Downloaded heck v0.4.1
[INFO] [stderr]   Downloaded fraction v0.14.0
[INFO] [stderr]   Downloaded num-complex v0.4.4
[INFO] [stderr]   Downloaded colorchoice v1.0.0
[INFO] [stderr]   Downloaded bytecheck v0.6.11
[INFO] [stderr]   Downloaded thiserror v1.0.51
[INFO] [stderr]   Downloaded password-hash v0.5.0
[INFO] [stderr]   Downloaded thiserror-impl v1.0.51
[INFO] running `Command { std: "docker" "create" "-v" "/var/lib/crater-agent-workspace/builds/worker-2-tc1/target:/opt/rustwide/target:rw,Z" "-v" "/var/lib/crater-agent-workspace/builds/worker-2-tc1/source:/opt/rustwide/workdir:ro,Z" "-v" "/var/lib/crater-agent-workspace/cargo-home:/opt/rustwide/cargo-home:ro,Z" "-v" "/var/lib/crater-agent-workspace/rustup-home:/opt/rustwide/rustup-home:ro,Z" "-e" "SOURCE_DIR=/opt/rustwide/workdir" "-e" "CARGO_TARGET_DIR=/opt/rustwide/target" "-e" "CARGO_HOME=/opt/rustwide/cargo-home" "-e" "RUSTUP_HOME=/opt/rustwide/rustup-home" "-w" "/opt/rustwide/workdir" "-m" "1610612736" "--user" "0:0" "--network" "none" "ghcr.io/rust-lang/crates-build-env/linux@sha256:2788e3201cd34a07e3172128adcd8b3090168a8e3bcc40d7c032b9dda1df7d1c" "/opt/rustwide/cargo-home/bin/cargo" "+2fe50cd72c476ebacdedb14893e9632b4de961c2" "metadata" "--no-deps" "--format-version=1", kill_on_drop: false }`
[INFO] [stdout] 43a9b963fbe128a05507e94d133ca92c33c71f0db47fd85de26ef78ac6ff7d94
[INFO] running `Command { std: "docker" "start" "-a" "43a9b963fbe128a05507e94d133ca92c33c71f0db47fd85de26ef78ac6ff7d94", kill_on_drop: false }`
[INFO] running `Command { std: "docker" "inspect" "43a9b963fbe128a05507e94d133ca92c33c71f0db47fd85de26ef78ac6ff7d94", kill_on_drop: false }`
[INFO] running `Command { std: "docker" "rm" "-f" "43a9b963fbe128a05507e94d133ca92c33c71f0db47fd85de26ef78ac6ff7d94", kill_on_drop: false }`
[INFO] [stdout] 43a9b963fbe128a05507e94d133ca92c33c71f0db47fd85de26ef78ac6ff7d94
[INFO] running `Command { std: "docker" "create" "-v" "/var/lib/crater-agent-workspace/builds/worker-2-tc1/target:/opt/rustwide/target:rw,Z" "-v" "/var/lib/crater-agent-workspace/builds/worker-2-tc1/source:/opt/rustwide/workdir:ro,Z" "-v" "/var/lib/crater-agent-workspace/cargo-home:/opt/rustwide/cargo-home:ro,Z" "-v" "/var/lib/crater-agent-workspace/rustup-home:/opt/rustwide/rustup-home:ro,Z" "-e" "SOURCE_DIR=/opt/rustwide/workdir" "-e" "CARGO_TARGET_DIR=/opt/rustwide/target" "-e" "CARGO_INCREMENTAL=0" "-e" "RUST_BACKTRACE=full" "-e" "RUSTFLAGS=--cap-lints=forbid" "-e" "RUSTDOCFLAGS=--cap-lints=forbid" "-e" "CARGO_HOME=/opt/rustwide/cargo-home" "-e" "RUSTUP_HOME=/opt/rustwide/rustup-home" "-w" "/opt/rustwide/workdir" "-m" "1610612736" "--user" "0:0" "--network" "none" "ghcr.io/rust-lang/crates-build-env/linux@sha256:2788e3201cd34a07e3172128adcd8b3090168a8e3bcc40d7c032b9dda1df7d1c" "/opt/rustwide/cargo-home/bin/cargo" "+2fe50cd72c476ebacdedb14893e9632b4de961c2" "build" "--frozen" "--message-format=json", kill_on_drop: false }`
[INFO] [stdout] f37cd6d6b52ec394d642f1a96b8dcac02bf883fc1f8508e95031b2c3e5d759fa
[INFO] running `Command { std: "docker" "start" "-a" "f37cd6d6b52ec394d642f1a96b8dcac02bf883fc1f8508e95031b2c3e5d759fa", kill_on_drop: false }`
[INFO] [stderr]    Compiling autocfg v1.1.0
[INFO] [stderr]    Compiling version_check v0.9.4
[INFO] [stderr]    Compiling typenum v1.17.0
[INFO] [stderr]    Compiling cfg-if v1.0.0
[INFO] [stderr]    Compiling proc-macro2 v1.0.71
[INFO] [stderr]    Compiling unicode-ident v1.0.12
[INFO] [stderr]    Compiling libc v0.2.151
[INFO] [stderr]    Compiling rustix v0.38.28
[INFO] [stderr]    Compiling subtle v2.5.0
[INFO] [stderr]    Compiling crossbeam-utils v0.8.17
[INFO] [stderr]    Compiling utf8parse v0.2.1
[INFO] [stderr]    Compiling linux-raw-sys v0.4.12
[INFO] [stderr]    Compiling bitflags v2.4.1
[INFO] [stderr]    Compiling anstyle v1.0.4
[INFO] [stderr]    Compiling anstyle-query v1.0.2
[INFO] [stderr]    Compiling colorchoice v1.0.0
[INFO] [stderr]    Compiling anstyle-parse v0.2.3
[INFO] [stderr]    Compiling rayon-core v1.12.0
[INFO] [stderr]    Compiling clap_lex v0.6.0
[INFO] [stderr]    Compiling strsim v0.10.0
[INFO] [stderr]    Compiling heck v0.4.1
[INFO] [stderr]    Compiling cpufeatures v0.2.11
[INFO] [stderr]    Compiling anstream v0.6.5
[INFO] [stderr]    Compiling ppv-lite86 v0.2.17
[INFO] [stderr]    Compiling serde v1.0.193
[INFO] [stderr]    Compiling base64ct v1.6.0
[INFO] [stderr]    Compiling generic-array v0.14.7
[INFO] [stderr]    Compiling thiserror v1.0.51
[INFO] [stderr]    Compiling rust_decimal v1.33.1
[INFO] [stderr]    Compiling either v1.9.0
[INFO] [stderr]    Compiling num-traits v0.2.17
[INFO] [stderr]    Compiling memoffset v0.9.0
[INFO] [stderr]    Compiling num-integer v0.1.45
[INFO] [stderr]    Compiling num-rational v0.4.1
[INFO] [stderr]    Compiling num-iter v0.1.43
[INFO] [stderr]    Compiling unicode-width v0.1.11
[INFO] [stderr]    Compiling arrayvec v0.7.4
[INFO] [stderr]    Compiling lazy_static v1.4.0
[INFO] [stderr]    Compiling anyhow v1.0.76
[INFO] [stderr]    Compiling serde_json v1.0.108
[INFO] [stderr]    Compiling shell-words v1.1.0
[INFO] [stderr]    Compiling scryptenc-cli v0.7.6 (/opt/rustwide/workdir)
[INFO] [stderr]    Compiling once_cell v1.19.0
[INFO] [stderr]    Compiling zeroize v1.7.0
[INFO] [stderr]    Compiling quote v1.0.33
[INFO] [stderr]    Compiling crossbeam-epoch v0.9.16
[INFO] [stderr]    Compiling utf8-width v0.1.7
[INFO] [stderr]    Compiling itoa v1.0.10
[INFO] [stderr]    Compiling ryu v1.0.16
[INFO] [stderr]    Compiling sysexits v0.7.7
[INFO] [stderr]    Compiling humantime v2.1.0
[INFO] [stderr]    Compiling getrandom v0.2.11
[INFO] [stderr]    Compiling console v0.15.7
[INFO] [stderr]    Compiling syn v2.0.42
[INFO] [stderr]    Compiling rand_core v0.6.4
[INFO] [stderr] warning: scryptenc-cli@0.7.6: failed to execute Asciidoctor: No such file or directory (os error 2)
[INFO] [stderr]    Compiling crossbeam-deque v0.8.4
[INFO] [stderr]    Compiling password-hash v0.5.0
[INFO] [stderr]    Compiling rand_chacha v0.3.1
[INFO] [stderr]    Compiling rand v0.8.5
[INFO] [stderr]    Compiling terminal_size v0.3.0
[INFO] [stderr]    Compiling clap_builder v4.4.11
[INFO] [stderr]    Compiling rayon v1.8.0
[INFO] [stderr]    Compiling num-complex v0.4.4
[INFO] [stderr]    Compiling crypto-common v0.1.6
[INFO] [stderr]    Compiling inout v0.1.3
[INFO] [stderr]    Compiling block-buffer v0.10.4
[INFO] [stderr]    Compiling digest v0.10.7
[INFO] [stderr]    Compiling cipher v0.4.4
[INFO] [stderr]    Compiling hmac v0.12.1
[INFO] [stderr]    Compiling sha2 v0.10.8
[INFO] [stderr]    Compiling pbkdf2 v0.12.2
[INFO] [stderr]    Compiling salsa20 v0.10.2
[INFO] [stderr]    Compiling ctr v0.9.2
[INFO] [stderr]    Compiling aes v0.8.3
[INFO] [stderr]    Compiling num v0.4.1
[INFO] [stderr]    Compiling scrypt v0.11.0
[INFO] [stderr]    Compiling fraction v0.14.0
[INFO] [stderr]    Compiling byte-unit v5.1.2
[INFO] [stderr]    Compiling scryptenc v0.8.6
[INFO] [stderr]    Compiling sysinfo v0.30.0
[INFO] [stderr]    Compiling clap_derive v4.4.7
[INFO] [stderr]    Compiling serde_derive v1.0.193
[INFO] [stderr]    Compiling thiserror-impl v1.0.51
[INFO] [stderr]    Compiling dialoguer v0.11.0
[INFO] [stderr]    Compiling clap v4.4.11
[INFO] [stderr]    Compiling clap_complete v4.4.4
[INFO] [stderr]    Compiling clap_complete_nushell v4.4.2
[INFO] [stderr]     Finished dev [unoptimized + debuginfo] target(s) in 33.98s
[INFO] running `Command { std: "docker" "inspect" "f37cd6d6b52ec394d642f1a96b8dcac02bf883fc1f8508e95031b2c3e5d759fa", kill_on_drop: false }`
[INFO] running `Command { std: "docker" "rm" "-f" "f37cd6d6b52ec394d642f1a96b8dcac02bf883fc1f8508e95031b2c3e5d759fa", kill_on_drop: false }`
[INFO] [stdout] f37cd6d6b52ec394d642f1a96b8dcac02bf883fc1f8508e95031b2c3e5d759fa
[INFO] running `Command { std: "docker" "create" "-v" "/var/lib/crater-agent-workspace/builds/worker-2-tc1/target:/opt/rustwide/target:rw,Z" "-v" "/var/lib/crater-agent-workspace/builds/worker-2-tc1/source:/opt/rustwide/workdir:ro,Z" "-v" "/var/lib/crater-agent-workspace/cargo-home:/opt/rustwide/cargo-home:ro,Z" "-v" "/var/lib/crater-agent-workspace/rustup-home:/opt/rustwide/rustup-home:ro,Z" "-e" "SOURCE_DIR=/opt/rustwide/workdir" "-e" "CARGO_TARGET_DIR=/opt/rustwide/target" "-e" "CARGO_INCREMENTAL=0" "-e" "RUST_BACKTRACE=full" "-e" "RUSTFLAGS=--cap-lints=forbid" "-e" "RUSTDOCFLAGS=--cap-lints=forbid" "-e" "CARGO_HOME=/opt/rustwide/cargo-home" "-e" "RUSTUP_HOME=/opt/rustwide/rustup-home" "-w" "/opt/rustwide/workdir" "-m" "1610612736" "--user" "0:0" "--network" "none" "ghcr.io/rust-lang/crates-build-env/linux@sha256:2788e3201cd34a07e3172128adcd8b3090168a8e3bcc40d7c032b9dda1df7d1c" "/opt/rustwide/cargo-home/bin/cargo" "+2fe50cd72c476ebacdedb14893e9632b4de961c2" "test" "--frozen" "--no-run" "--message-format=json", kill_on_drop: false }`
[INFO] [stdout] c04d51d682109216ab09cf936151611958cb0e8a6bcc459f2a96a1bada74f104
[INFO] running `Command { std: "docker" "start" "-a" "c04d51d682109216ab09cf936151611958cb0e8a6bcc459f2a96a1bada74f104", kill_on_drop: false }`
[INFO] [stderr]    Compiling either v1.9.0
[INFO] [stderr]    Compiling memchr v2.6.4
[INFO] [stderr]    Compiling regex-syntax v0.8.2
[INFO] [stderr]    Compiling predicates-core v1.0.6
[INFO] [stderr]    Compiling doc-comment v0.3.3
[INFO] [stderr]    Compiling float-cmp v0.9.0
[INFO] [stderr]    Compiling difflib v0.4.0
[INFO] [stderr]    Compiling normalize-line-endings v0.3.0
[INFO] [stderr]    Compiling termtree v0.4.1
[INFO] [stderr] warning: scryptenc-cli@0.7.6: failed to execute Asciidoctor: No such file or directory (os error 2)
[INFO] [stderr]    Compiling wait-timeout v0.2.0
[INFO] [stderr]    Compiling predicates-tree v1.0.9
[INFO] [stderr]    Compiling itertools v0.11.0
[INFO] [stderr]    Compiling rayon v1.8.0
[INFO] [stderr]    Compiling aho-corasick v1.1.2
[INFO] [stderr]    Compiling sysinfo v0.30.0
[INFO] [stderr]    Compiling regex-automata v0.4.3
[INFO] [stderr]    Compiling scryptenc-cli v0.7.6 (/opt/rustwide/workdir)
[INFO] [stderr]    Compiling regex v1.10.2
[INFO] [stderr]    Compiling bstr v1.8.0
[INFO] [stderr]    Compiling predicates v3.0.4
[INFO] [stderr]    Compiling assert_cmd v2.0.12
[INFO] [stderr]     Finished test [unoptimized + debuginfo] target(s) in 15.31s
[INFO] running `Command { std: "docker" "inspect" "c04d51d682109216ab09cf936151611958cb0e8a6bcc459f2a96a1bada74f104", kill_on_drop: false }`
[INFO] running `Command { std: "docker" "rm" "-f" "c04d51d682109216ab09cf936151611958cb0e8a6bcc459f2a96a1bada74f104", kill_on_drop: false }`
[INFO] [stdout] c04d51d682109216ab09cf936151611958cb0e8a6bcc459f2a96a1bada74f104
[INFO] running `Command { std: "docker" "create" "-v" "/var/lib/crater-agent-workspace/builds/worker-2-tc1/target:/opt/rustwide/target:rw,Z" "-v" "/var/lib/crater-agent-workspace/builds/worker-2-tc1/source:/opt/rustwide/workdir:ro,Z" "-v" "/var/lib/crater-agent-workspace/cargo-home:/opt/rustwide/cargo-home:ro,Z" "-v" "/var/lib/crater-agent-workspace/rustup-home:/opt/rustwide/rustup-home:ro,Z" "-e" "SOURCE_DIR=/opt/rustwide/workdir" "-e" "CARGO_TARGET_DIR=/opt/rustwide/target" "-e" "CARGO_INCREMENTAL=0" "-e" "RUST_BACKTRACE=full" "-e" "RUSTFLAGS=--cap-lints=forbid" "-e" "RUSTDOCFLAGS=--cap-lints=forbid" "-e" "CARGO_HOME=/opt/rustwide/cargo-home" "-e" "RUSTUP_HOME=/opt/rustwide/rustup-home" "-w" "/opt/rustwide/workdir" "-m" "1610612736" "--user" "0:0" "--network" "none" "ghcr.io/rust-lang/crates-build-env/linux@sha256:2788e3201cd34a07e3172128adcd8b3090168a8e3bcc40d7c032b9dda1df7d1c" "/opt/rustwide/cargo-home/bin/cargo" "+2fe50cd72c476ebacdedb14893e9632b4de961c2" "test" "--frozen", kill_on_drop: false }`
[INFO] [stdout] da13d3b603e5cf1ad628d3c25f0bf8a53edded955d3c854c2d3366ee2a368cab
[INFO] running `Command { std: "docker" "start" "-a" "da13d3b603e5cf1ad628d3c25f0bf8a53edded955d3c854c2d3366ee2a368cab", kill_on_drop: false }`
[INFO] [stderr] warning: scryptenc-cli@0.7.6: failed to execute Asciidoctor: No such file or directory (os error 2)
[INFO] [stderr]     Finished test [unoptimized + debuginfo] target(s) in 0.15s
[INFO] [stderr]      Running unittests src/main.rs (/opt/rustwide/target/debug/deps/rscrypt-d144691fd1c00440)
[INFO] [stdout] 
[INFO] [stdout] running 18 tests
[INFO] [stdout] test cli::tests::from_str_byte_if_out_of_range ... ok
[INFO] [stdout] test cli::tests::deref_rate ... ok
[INFO] [stdout] test cli::tests::from_str_byte_with_nan ... ok
[INFO] [stdout] test cli::tests::from_str_rate ... ok
[INFO] [stdout] test cli::tests::from_str_rate_if_out_of_range ... ok
[INFO] [stdout] test cli::tests::from_str_time_with_invalid_time ... ok
[INFO] [stdout] test cli::tests::deref_time ... ok
[INFO] [stdout] test cli::tests::from_str_time ... ok
[INFO] [stdout] test cli::tests::from_str_byte ... ok
[INFO] [stdout] test cli::tests::deref_byte ... ok
[INFO] [stdout] test cli::tests::from_str_byte_with_invalid_unit ... ok
[INFO] [stdout] test cli::tests::file_name_shell ... ok
[INFO] [stdout] test cli::tests::from_str_rate_with_invalid_fraction ... ok
[INFO] [stdout] test utils::tests::remove_lf ... ok
[INFO] [stdout] test cli::tests::verify_app ... ok
[INFO] [stdout] test utils::tests::remove_cr ... ok
[INFO] [stdout] test utils::tests::remove_cr_lf ... ok
[INFO] [stdout] test cli::tests::debug_time ... ok
[INFO] [stdout] 
[INFO] [stdout] test result: ok. 18 passed; 0 failed; 0 ignored; 0 measured; 0 filtered out; finished in 0.04s
[INFO] [stdout] 
[INFO] [stderr]      Running tests/integration.rs (/opt/rustwide/target/debug/deps/integration-820606134d3befd5)
[INFO] [stdout] 
[INFO] [stdout] running 29 tests
[INFO] [stdout] test after_long_help ... ok
[INFO] [stdout] test basic_information ... ok
[INFO] [stdout] test after_long_help_for_information_command ... ok
[INFO] [stdout] test after_long_help_for_encrypt_command ... ok
[INFO] [stdout] test after_long_help_for_decrypt_command ... ok
[INFO] [stdout] test generate_completion_conflicts_with_subcommands ... ok
[INFO] [stdout] test information_as_json ... ok
[INFO] [stdout] test invalid_amount_of_ram_for_decrypt_command ... ok
[INFO] [stdout] test long_version ... ok
[INFO] [stdout] test invalid_fraction_of_the_available_ram_for_decrypt_command ... ok
[INFO] [stdout] test long_version_for_encrypt_command ... ok
[INFO] [stdout] test long_version_for_decrypt_command ... ok
[INFO] [stdout] test invalid_fraction_of_the_available_ram_for_encrypt_command ... ok
[INFO] [stdout] test invalid_amount_of_ram_for_encrypt_command ... ok
[INFO] [stdout] test long_version_for_information_command ... ok
[INFO] [stdout] test invalid_time_for_decrypt_command ... ok
[INFO] [stdout] test invalid_time_for_encrypt_command ... ok
[INFO] [stdout] test validate_parameters_group_for_encrypt_command ... ok
[INFO] [stdout] test validate_conflicts_if_reading_from_stdin_for_encrypt_command ... FAILED
[INFO] [stdout] test validate_conflicts_if_reading_from_stdin_for_decrypt_command ... FAILED
[INFO] [stdout] test validate_work_parameter_ranges_for_encrypt_command ... ok
[INFO] [stdout] test basic_encrypt ... ok
[INFO] [stdout] test decrypt_with_max_time ... ok
[INFO] [stdout] test basic_decrypt ... ok
[INFO] [stdout] test decrypt_verbose ... ok
[INFO] [stdout] test encrypt_verbose ... ok
[INFO] [stdout] test encrypt_with_max_time ... ok
[INFO] [stdout] test decrypt_with_max_memory ... ok
[INFO] [stdout] test encrypt_with_max_memory ... ok
[INFO] [stdout] 
[INFO] [stdout] failures:
[INFO] [stdout] 
[INFO] [stdout] ---- validate_conflicts_if_reading_from_stdin_for_encrypt_command stdout ----
[INFO] [stdout] thread 'validate_conflicts_if_reading_from_stdin_for_encrypt_command' panicked at /rustc/2fe50cd72c476ebacdedb14893e9632b4de961c2/library/core/src/ops/function.rs:250:5:
[INFO] [stdout] Unexpected stderr, failed var.ends_with("cannot read both passphrase and input data from stdin\n")
[INFO] [stdout] ├── var: Error: cannot read both passphrase and input data from stdin
[INFO] [stdout] │   
[INFO] [stdout] │   Stack backtrace:
[INFO] [stdout] │      0: anyhow::error::<impl anyhow::Error>::msg
[INFO] [stdout] │                at /opt/rustwide/cargo-home/registry/src/index.crates.io-6f17d22bba15001f/anyhow-1.0.76/src/error.rs:83:36
[INFO] [stdout] │      1: anyhow::__private::format_err
[INFO] [stdout] │                at /opt/rustwide/cargo-home/registry/src/index.crates.io-6f17d22bba15001f/anyhow-1.0.76/src/lib.rs:681:13
[INFO] [stdout] │      2: rscrypt::app::ensure_stdin_does_not_conflict
[INFO] [stdout] │                at /opt/rustwide/workdir/src/app.rs:19:9
[INFO] [stdout] │      3: rscrypt::app::run
[INFO] [stdout] │                at /opt/rustwide/workdir/src/app.rs:47:25
[INFO] [stdout] │      4: rscrypt::main
[INFO] [stdout] │                at /opt/rustwide/workdir/src/main.rs:86:11
[INFO] [stdout] │      5: core::ops::function::FnOnce::call_once
[INFO] [stdout] │                at /rustc/2fe50cd72c476ebacdedb14893e9632b4de961c2/library/core/src/ops/function.rs:250:5
[INFO] [stdout] │      6: std::sys_common::backtrace::__rust_begin_short_backtrace
[INFO] [stdout] │                at /rustc/2fe50cd72c476ebacdedb14893e9632b4de961c2/library/std/src/sys_common/backtrace.rs:155:18
[INFO] [stdout] │      7: std::rt::lang_start::{{closure}}
[INFO] [stdout] │                at /rustc/2fe50cd72c476ebacdedb14893e9632b4de961c2/library/std/src/rt.rs:166:18
[INFO] [stdout] │      8: core::ops::function::impls::<impl core::ops::function::FnOnce<A> for &F>::call_once
[INFO] [stdout] │                at /rustc/2fe50cd72c476ebacdedb14893e9632b4de961c2/library/core/src/ops/function.rs:284:13
[INFO] [stdout] │      9: std::panicking::try::do_call
[INFO] [stdout] │                at /rustc/2fe50cd72c476ebacdedb14893e9632b4de961c2/library/std/src/panicking.rs:552:40
[INFO] [stdout] │     10: std::panicking::try
[INFO] [stdout] │                at /rustc/2fe50cd72c476ebacdedb14893e9632b4de961c2/library/std/src/panicking.rs:516:19
[INFO] [stdout] │     11: std::panic::catch_unwind
[INFO] [stdout] │                at /rustc/2fe50cd72c476ebacdedb14893e9632b4de961c2/library/std/src/panic.rs:142:14
[INFO] [stdout] │     12: std::rt::lang_start_internal::{{closure}}
[INFO] [stdout] │                at /rustc/2fe50cd72c476ebacdedb14893e9632b4de961c2/library/std/src/rt.rs:148:48
[INFO] [stdout] │     13: std::panicking::try::do_call
[INFO] [stdout] │                at /rustc/2fe50cd72c476ebacdedb14893e9632b4de961c2/library/std/src/panicking.rs:552:40
[INFO] [stdout] │     14: std::panicking::try
[INFO] [stdout] │                at /rustc/2fe50cd72c476ebacdedb14893e9632b4de961c2/library/std/src/panicking.rs:516:19
[INFO] [stdout] │     15: std::panic::catch_unwind
[INFO] [stdout] │                at /rustc/2fe50cd72c476ebacdedb14893e9632b4de961c2/library/std/src/panic.rs:142:14
[INFO] [stdout] │     16: std::rt::lang_start_internal
[INFO] [stdout] │                at /rustc/2fe50cd72c476ebacdedb14893e9632b4de961c2/library/std/src/rt.rs:148:20
[INFO] [stdout] │     17: std::rt::lang_start
[INFO] [stdout] │                at /rustc/2fe50cd72c476ebacdedb14893e9632b4de961c2/library/std/src/rt.rs:165:17
[INFO] [stdout] │     18: main
[INFO] [stdout] │     19: <unknown>
[INFO] [stdout] │     20: __libc_start_main
[INFO] [stdout] │     21: _start
[INFO] [stdout] └── var as str: Error: cannot read both passphrase and input data from stdin
[INFO] [stdout]     
[INFO] [stdout]     Stack backtrace:
[INFO] [stdout]        0: anyhow::error::<impl anyhow::Error>::msg
[INFO] [stdout]                  at /opt/rustwide/cargo-home/registry/src/index.crates.io-6f17d22bba15001f/anyhow-1.0.76/src/error.rs:83:36
[INFO] [stdout]        1: anyhow::__private::format_err
[INFO] [stdout]                  at /opt/rustwide/cargo-home/registry/src/index.crates.io-6f17d22bba15001f/anyhow-1.0.76/src/lib.rs:681:13
[INFO] [stdout]        2: rscrypt::app::ensure_stdin_does_not_conflict
[INFO] [stdout]                  at /opt/rustwide/workdir/src/app.rs:19:9
[INFO] [stdout]        3: rscrypt::app::run
[INFO] [stdout]                  at /opt/rustwide/workdir/src/app.rs:47:25
[INFO] [stdout]        4: rscrypt::main
[INFO] [stdout]                  at /opt/rustwide/workdir/src/main.rs:86:11
[INFO] [stdout]        5: core::ops::function::FnOnce::call_once
[INFO] [stdout]                  at /rustc/2fe50cd72c476ebacdedb14893e9632b4de961c2/library/core/src/ops/function.rs:250:5
[INFO] [stdout]        6: std::sys_common::backtrace::__rust_begin_short_backtrace
[INFO] [stdout]                  at /rustc/2fe50cd72c476ebacdedb14893e9632b4de961c2/library/std/src/sys_common/backtrace.rs:155:18
[INFO] [stdout]        7: std::rt::lang_start::{{closure}}
[INFO] [stdout]                  at /rustc/2fe50cd72c476ebacdedb14893e9632b4de961c2/library/std/src/rt.rs:166:18
[INFO] [stdout]        8: core::ops::function::impls::<impl core::ops::function::FnOnce<A> for &F>::call_once
[INFO] [stdout]                  at /rustc/2fe50cd72c476ebacdedb14893e9632b4de961c2/library/core/src/ops/function.rs:284:13
[INFO] [stdout]        9: std::panicking::try::do_call
[INFO] [stdout]                  at /rustc/2fe50cd72c476ebacdedb14893e9632b4de961c2/library/std/src/panicking.rs:552:40
[INFO] [stdout]       10: std::panicking::try
[INFO] [stdout]                  at /rustc/2fe50cd72c476ebacdedb14893e9632b4de961c2/library/std/src/panicking.rs:516:19
[INFO] [stdout]       11: std::panic::catch_unwind
[INFO] [stdout]                  at /rustc/2fe50cd72c476ebacdedb14893e9632b4de961c2/library/std/src/panic.rs:142:14
[INFO] [stdout]       12: std::rt::lang_start_internal::{{closure}}
[INFO] [stdout]                  at /rustc/2fe50cd72c476ebacdedb14893e9632b4de961c2/library/std/src/rt.rs:148:48
[INFO] [stdout]       13: std::panicking::try::do_call
[INFO] [stdout]                  at /rustc/2fe50cd72c476ebacdedb14893e9632b4de961c2/library/std/src/panicking.rs:552:40
[INFO] [stdout]       14: std::panicking::try
[INFO] [stdout]                  at /rustc/2fe50cd72c476ebacdedb14893e9632b4de961c2/library/std/src/panicking.rs:516:19
[INFO] [stdout]       15: std::panic::catch_unwind
[INFO] [stdout]                  at /rustc/2fe50cd72c476ebacdedb14893e9632b4de961c2/library/std/src/panic.rs:142:14
[INFO] [stdout]       16: std::rt::lang_start_internal
[INFO] [stdout]                  at /rustc/2fe50cd72c476ebacdedb14893e9632b4de961c2/library/std/src/rt.rs:148:20
[INFO] [stdout]       17: std::rt::lang_start
[INFO] [stdout]                  at /rustc/2fe50cd72c476ebacdedb14893e9632b4de961c2/library/std/src/rt.rs:165:17
[INFO] [stdout]       18: main
[INFO] [stdout]       19: <unknown>
[INFO] [stdout]       20: __libc_start_main
[INFO] [stdout]       21: _start
[INFO] [stdout] 
[INFO] [stdout] command=`cd "tests" && "/opt/rustwide/target/debug/rscrypt" "enc" "--log-n" "10" "-r" "8" "-p" "1" "--passphrase-from-stdin" "-"`
[INFO] [stdout] stdin=`"passphrase"`
[INFO] [stdout] code=1
[INFO] [stdout] stdout=""
[INFO] [stdout] stderr=```
[INFO] [stdout] Error: cannot read both passphrase and input data from stdin
[INFO] [stdout] 
[INFO] [stdout] Stack backtrace:
[INFO] [stdout]    0: anyhow::error::<impl anyhow::Error>::msg
[INFO] [stdout]              at /opt/rustwide/cargo-home/registry/src/index.crates.io-6f17d22bba15001f/anyhow-1.0.76/src/error.rs:83:36
[INFO] [stdout]    1: anyhow::__private::format_err
[INFO] [stdout]              at /opt/rustwide/cargo-home/registry/src/index.crates.io-6f17d22bba15001f/anyhow-1.0.76/src/lib.rs:681:13
[INFO] [stdout]    2: rscrypt::app::ensure_stdin_does_not_conflict
[INFO] [stdout]              at /opt/rustwide/workdir/src/app.rs:19:9
[INFO] [stdout]    3: rscrypt::app::run
[INFO] [stdout]              at /opt/rustwide/workdir/src/app.rs:47:25
[INFO] [stdout]    4: rscrypt::main
[INFO] [stdout]              at /opt/rustwide/workdir/src/main.rs:86:11
[INFO] [stdout]    5: core::ops::function::FnOnce::call_once
[INFO] [stdout]              at /rustc/2fe50cd72c476ebacdedb14893e9632b4de961c2/library/core/src/ops/function.rs:250:5
[INFO] [stdout]    6: std::sys_common::backtrace::__rust_begin_short_backtrace
[INFO] [stdout]              at /rustc/2fe50cd72c476ebacdedb14893e9632b4de961c2/library/std/src/sys_common/backtrace.rs:155:18
[INFO] [stdout]    7: std::rt::lang_start::{{closure}}
[INFO] [stdout]              at /rustc/2fe50cd72c476ebacdedb14893e9632b4de961c2/library/std/src/rt.rs:166:18
[INFO] [stdout]    8: core::ops::function::impls::<impl core::ops::function::FnOnce<A> for &F>::call_once
[INFO] [stdout]              at /rustc/2fe50cd72c476ebacdedb14893e9632b4de961c2/library/core/src/ops/function.rs:284:13
[INFO] [stdout]    9: std::panicking::try::do_call
[INFO] [stdout]              at /rustc/2fe50cd72c476ebacdedb14893e9632b4de961c2/library/std/src/panicking.rs:552:40
[INFO] [stdout]   10: std::panicking::try
[INFO] [stdout]              at /rustc/2fe50cd72c476ebacdedb14893e9632b4de961c2/library/std/src/panicking.rs:516:19
[INFO] [stdout]   11: std::panic::catch_unwind
[INFO] [stdout]              at /rustc/2fe50cd72c476ebacdedb14893e9632b4de961c2/library/std/src/panic.rs:142:14
[INFO] [stdout]   12: std::rt::lang_start_internal::{{closure}}
[INFO] [stdout]              at /rustc/2fe50cd72c476ebacdedb14893e9632b4de961c2/library/std/src/rt.rs:148:48
[INFO] [stdout]   13: std::panicking::try::do_call
[INFO] [stdout]              at /rustc/2fe50cd72c476ebacdedb14893e9632b4de961c2/library/std/src/panicking.rs:552:40
[INFO] [stdout]   14: std::panicking::try
[INFO] [stdout]              at /rustc/2fe50cd72c476ebacdedb14893e9632b4de961c2/library/std/src/panicking.rs:516:19
[INFO] [stdout]   15: std::panic::catch_unwind
[INFO] [stdout]              at /rustc/2fe50cd72c476ebacdedb14893e9632b4de961c2/library/std/src/panic.rs:142:14
[INFO] [stdout]   16: std::rt::lang_start_internal
[INFO] [stdout]              at /rustc/2fe50cd72c476ebacdedb14893e9632b4de961c2/library/std/src/rt.rs:148:20
[INFO] [stdout]   17: std::rt::lang_start
[INFO] [stdout]              at /rustc/2fe50cd72c476ebacdedb14893e9632b4de961c2/library/std/src/rt.rs:165:17
[INFO] [stdout]   18: main
[INFO] [stdout]   19: <unknown>
[INFO] [stdout]   20: __libc_start_main
[INFO] [stdout]   21: _start
[INFO] [stdout] ```
[INFO] [stdout] 
[INFO] [stdout] 
[INFO] [stdout] stack backtrace:
[INFO] [stdout]    0:     0x55930d357996 - std::backtrace_rs::backtrace::libunwind::trace::hd7a456af414d63de
[INFO] [stdout]                                at /rustc/2fe50cd72c476ebacdedb14893e9632b4de961c2/library/std/src/../../backtrace/src/backtrace/libunwind.rs:104:5
[INFO] [stdout]    1:     0x55930d357996 - std::backtrace_rs::backtrace::trace_unsynchronized::h64867240ea973bd5
[INFO] [stdout]                                at /rustc/2fe50cd72c476ebacdedb14893e9632b4de961c2/library/std/src/../../backtrace/src/backtrace/mod.rs:66:5
[INFO] [stdout]    2:     0x55930d357996 - std::sys_common::backtrace::_print_fmt::h2808b222ea4d26d0
[INFO] [stdout]                                at /rustc/2fe50cd72c476ebacdedb14893e9632b4de961c2/library/std/src/sys_common/backtrace.rs:68:5
[INFO] [stdout]    3:     0x55930d357996 - <std::sys_common::backtrace::_print::DisplayBacktrace as core::fmt::Display>::fmt::h03f74bc036e21c80
[INFO] [stdout]                                at /rustc/2fe50cd72c476ebacdedb14893e9632b4de961c2/library/std/src/sys_common/backtrace.rs:44:22
[INFO] [stdout]    4:     0x55930d3818d0 - core::fmt::rt::Argument::fmt::h8121cad32ccb67f1
[INFO] [stdout]                                at /rustc/2fe50cd72c476ebacdedb14893e9632b4de961c2/library/core/src/fmt/rt.rs:142:9
[INFO] [stdout]    5:     0x55930d3818d0 - core::fmt::write::hba6738a49cae548f
[INFO] [stdout]                                at /rustc/2fe50cd72c476ebacdedb14893e9632b4de961c2/library/core/src/fmt/mod.rs:1120:17
[INFO] [stdout]    6:     0x55930d354c8f - std::io::Write::write_fmt::h998dc49ddc9bbda8
[INFO] [stdout]                                at /rustc/2fe50cd72c476ebacdedb14893e9632b4de961c2/library/std/src/io/mod.rs:1810:15
[INFO] [stdout]    7:     0x55930d357774 - std::sys_common::backtrace::_print::h12e2732351687df5
[INFO] [stdout]                                at /rustc/2fe50cd72c476ebacdedb14893e9632b4de961c2/library/std/src/sys_common/backtrace.rs:47:5
[INFO] [stdout]    8:     0x55930d357774 - std::sys_common::backtrace::print::h3977ff4fa70d37c3
[INFO] [stdout]                                at /rustc/2fe50cd72c476ebacdedb14893e9632b4de961c2/library/std/src/sys_common/backtrace.rs:34:9
[INFO] [stdout]    9:     0x55930d359567 - std::panicking::default_hook::{{closure}}::h3649b42de801f190
[INFO] [stdout]   10:     0x55930d35924d - std::panicking::default_hook::h3fb7ccab350417f5
[INFO] [stdout]                                at /rustc/2fe50cd72c476ebacdedb14893e9632b4de961c2/library/std/src/panicking.rs:289:9
[INFO] [stdout]   11:     0x55930d2d58d7 - <alloc::boxed::Box<F,A> as core::ops::function::Fn<Args>>::call::hcac2ee49c7d5205e
[INFO] [stdout]                                at /rustc/2fe50cd72c476ebacdedb14893e9632b4de961c2/library/alloc/src/boxed.rs:2029:9
[INFO] [stdout]   12:     0x55930d2d58d7 - test::test_main::{{closure}}::ha6dc19c93a11f2d1
[INFO] [stdout]                                at /rustc/2fe50cd72c476ebacdedb14893e9632b4de961c2/library/test/src/lib.rs:138:21
[INFO] [stdout]   13:     0x55930d359b86 - <alloc::boxed::Box<F,A> as core::ops::function::Fn<Args>>::call::h29b8e785b856bb23
[INFO] [stdout]                                at /rustc/2fe50cd72c476ebacdedb14893e9632b4de961c2/library/alloc/src/boxed.rs:2029:9
[INFO] [stdout]   14:     0x55930d359b86 - std::panicking::rust_panic_with_hook::h5efc89ef996de810
[INFO] [stdout]                                at /rustc/2fe50cd72c476ebacdedb14893e9632b4de961c2/library/std/src/panicking.rs:783:13
[INFO] [stdout]   15:     0x55930d3598d2 - std::panicking::begin_panic_handler::{{closure}}::h6289f51ae1ae9efc
[INFO] [stdout]                                at /rustc/2fe50cd72c476ebacdedb14893e9632b4de961c2/library/std/src/panicking.rs:657:13
[INFO] [stdout]   16:     0x55930d357e96 - std::sys_common::backtrace::__rust_end_short_backtrace::h9f143e0a9d826e65
[INFO] [stdout]                                at /rustc/2fe50cd72c476ebacdedb14893e9632b4de961c2/library/std/src/sys_common/backtrace.rs:171:18
[INFO] [stdout]   17:     0x55930d359630 - rust_begin_unwind
[INFO] [stdout]                                at /rustc/2fe50cd72c476ebacdedb14893e9632b4de961c2/library/std/src/panicking.rs:645:5
[INFO] [stdout]   18:     0x55930d292125 - core::panicking::panic_fmt::h5b9d04f36fd68862
[INFO] [stdout]                                at /rustc/2fe50cd72c476ebacdedb14893e9632b4de961c2/library/core/src/panicking.rs:72:14
[INFO] [stdout]   19:     0x55930d2e137f - core::panicking::panic_display::h1510555564811927
[INFO] [stdout]                                at /rustc/2fe50cd72c476ebacdedb14893e9632b4de961c2/library/core/src/panicking.rs:196:5
[INFO] [stdout]   20:     0x55930d2eb1ee - assert_cmd::assert::AssertError::panic::panic_cold_display::h591e4303813afc29
[INFO] [stdout]                                at /rustc/2fe50cd72c476ebacdedb14893e9632b4de961c2/library/core/src/panic.rs:99:13
[INFO] [stdout]   21:     0x55930d2eab67 - assert_cmd::assert::AssertError::panic::h712e3e4de0c7d8e3
[INFO] [stdout]                                at /opt/rustwide/cargo-home/registry/src/index.crates.io-6f17d22bba15001f/assert_cmd-2.0.12/src/assert.rs:1033:9
[INFO] [stdout]   22:     0x55930d2ebff7 - core::ops::function::FnOnce::call_once::h2481cdafb97f83e7
[INFO] [stdout]                                at /rustc/2fe50cd72c476ebacdedb14893e9632b4de961c2/library/core/src/ops/function.rs:250:5
[INFO] [stdout]   23:     0x55930d2e7460 - core::result::Result<T,E>::unwrap_or_else::h57091581c893d00f
[INFO] [stdout]                                at /rustc/2fe50cd72c476ebacdedb14893e9632b4de961c2/library/core/src/result.rs:1426:23
[INFO] [stdout]   24:     0x55930d2936f5 - assert_cmd::assert::Assert::stderr::h6f8f282b9cf5867d
[INFO] [stdout]                                at /opt/rustwide/cargo-home/registry/src/index.crates.io-6f17d22bba15001f/assert_cmd-2.0.12/src/assert.rs:460:9
[INFO] [stdout]   25:     0x55930d29d786 - integration::validate_conflicts_if_reading_from_stdin_for_encrypt_command::h6046ca7d5cccb196
[INFO] [stdout]                                at /opt/rustwide/workdir/tests/integration.rs:442:5
[INFO] [stdout]   26:     0x55930d29d557 - integration::validate_conflicts_if_reading_from_stdin_for_encrypt_command::{{closure}}::h8947bb720db26d10
[INFO] [stdout]                                at /opt/rustwide/workdir/tests/integration.rs:441:66
[INFO] [stdout]   27:     0x55930d2962a6 - core::ops::function::FnOnce::call_once::h3c617ffad3b8b1d7
[INFO] [stdout]                                at /rustc/2fe50cd72c476ebacdedb14893e9632b4de961c2/library/core/src/ops/function.rs:250:5
[INFO] [stdout]   28:     0x55930d2db0df - core::ops::function::FnOnce::call_once::h547df4cc4781c42c
[INFO] [stdout]                                at /rustc/2fe50cd72c476ebacdedb14893e9632b4de961c2/library/core/src/ops/function.rs:250:5
[INFO] [stdout]   29:     0x55930d2db0df - test::__rust_begin_short_backtrace::h0751f8da0df8afc9
[INFO] [stdout]                                at /rustc/2fe50cd72c476ebacdedb14893e9632b4de961c2/library/test/src/lib.rs:627:18
[INFO] [stdout]   30:     0x55930d2d9f31 - test::run_test_in_process::{{closure}}::h08b7e2b944f5d3bf
[INFO] [stdout]                                at /rustc/2fe50cd72c476ebacdedb14893e9632b4de961c2/library/test/src/lib.rs:650:60
[INFO] [stdout]   31:     0x55930d2d9f31 - <core::panic::unwind_safe::AssertUnwindSafe<F> as core::ops::function::FnOnce<()>>::call_once::h4eabe934da23f6d3
[INFO] [stdout]                                at /rustc/2fe50cd72c476ebacdedb14893e9632b4de961c2/library/core/src/panic/unwind_safe.rs:272:9
[INFO] [stdout]   32:     0x55930d2d9f31 - std::panicking::try::do_call::h8bce2a819a83d75f
[INFO] [stdout]                                at /rustc/2fe50cd72c476ebacdedb14893e9632b4de961c2/library/std/src/panicking.rs:552:40
[INFO] [stdout]   33:     0x55930d2d9f31 - std::panicking::try::h8d0ad43ca1e9dfe4
[INFO] [stdout]                                at /rustc/2fe50cd72c476ebacdedb14893e9632b4de961c2/library/std/src/panicking.rs:516:19
[INFO] [stdout]   34:     0x55930d2d9f31 - std::panic::catch_unwind::h80c407981483a27f
[INFO] [stdout]                                at /rustc/2fe50cd72c476ebacdedb14893e9632b4de961c2/library/std/src/panic.rs:142:14
[INFO] [stdout]   35:     0x55930d2d9f31 - test::run_test_in_process::h34f4f1cf26878dcc
[INFO] [stdout]                                at /rustc/2fe50cd72c476ebacdedb14893e9632b4de961c2/library/test/src/lib.rs:650:27
[INFO] [stdout]   36:     0x55930d2d9f31 - test::run_test::{{closure}}::hf98423759bd4e4de
[INFO] [stdout]                                at /rustc/2fe50cd72c476ebacdedb14893e9632b4de961c2/library/test/src/lib.rs:573:43
[INFO] [stdout]   37:     0x55930d2a12c6 - test::run_test::{{closure}}::h31f9214a9865a468
[INFO] [stdout]                                at /rustc/2fe50cd72c476ebacdedb14893e9632b4de961c2/library/test/src/lib.rs:601:41
[INFO] [stdout]   38:     0x55930d2a12c6 - std::sys_common::backtrace::__rust_begin_short_backtrace::h97eebf57e64e4a3e
[INFO] [stdout]                                at /rustc/2fe50cd72c476ebacdedb14893e9632b4de961c2/library/std/src/sys_common/backtrace.rs:155:18
[INFO] [stdout]   39:     0x55930d2a63c7 - std::thread::Builder::spawn_unchecked_::{{closure}}::{{closure}}::h10343cc6e645d5a7
[INFO] [stdout]                                at /rustc/2fe50cd72c476ebacdedb14893e9632b4de961c2/library/std/src/thread/mod.rs:529:17
[INFO] [stdout]   40:     0x55930d2a63c7 - <core::panic::unwind_safe::AssertUnwindSafe<F> as core::ops::function::FnOnce<()>>::call_once::h7676f5746d51f304
[INFO] [stdout]                                at /rustc/2fe50cd72c476ebacdedb14893e9632b4de961c2/library/core/src/panic/unwind_safe.rs:272:9
[INFO] [stdout]   41:     0x55930d2a63c7 - std::panicking::try::do_call::h76c69ddb47b6692d
[INFO] [stdout]                                at /rustc/2fe50cd72c476ebacdedb14893e9632b4de961c2/library/std/src/panicking.rs:552:40
[INFO] [stdout]   42:     0x55930d2a63c7 - std::panicking::try::h231004126786543e
[INFO] [stdout]                                at /rustc/2fe50cd72c476ebacdedb14893e9632b4de961c2/library/std/src/panicking.rs:516:19
[INFO] [stdout]   43:     0x55930d2a63c7 - std::panic::catch_unwind::h519133dc1360745e
[INFO] [stdout]                                at /rustc/2fe50cd72c476ebacdedb14893e9632b4de961c2/library/std/src/panic.rs:142:14
[INFO] [stdout]   44:     0x55930d2a63c7 - std::thread::Builder::spawn_unchecked_::{{closure}}::h7c96b1538d88533f
[INFO] [stdout]                                at /rustc/2fe50cd72c476ebacdedb14893e9632b4de961c2/library/std/src/thread/mod.rs:528:30
[INFO] [stdout]   45:     0x55930d2a63c7 - core::ops::function::FnOnce::call_once{{vtable.shim}}::h90e3a916fbad66da
[INFO] [stdout]                                at /rustc/2fe50cd72c476ebacdedb14893e9632b4de961c2/library/core/src/ops/function.rs:250:5
[INFO] [stdout]   46:     0x55930d35f065 - <alloc::boxed::Box<F,A> as core::ops::function::FnOnce<Args>>::call_once::h12c26c313019b755
[INFO] [stdout]                                at /rustc/2fe50cd72c476ebacdedb14893e9632b4de961c2/library/alloc/src/boxed.rs:2015:9
[INFO] [stdout]   47:     0x55930d35f065 - <alloc::boxed::Box<F,A> as core::ops::function::FnOnce<Args>>::call_once::h3a7c22937eaa10d1
[INFO] [stdout]                                at /rustc/2fe50cd72c476ebacdedb14893e9632b4de961c2/library/alloc/src/boxed.rs:2015:9
[INFO] [stdout]   48:     0x55930d35f065 - std::sys::unix::thread::Thread::new::thread_start::h1ce303acc71f2e7d
[INFO] [stdout]                                at /rustc/2fe50cd72c476ebacdedb14893e9632b4de961c2/library/std/src/sys/unix/thread.rs:108:17
[INFO] [stdout]   49:     0x7fc37e5aaac3 - <unknown>
[INFO] [stdout]   50:     0x7fc37e63bbf4 - __clone
[INFO] [stdout]   51:                0x0 - <unknown>
[INFO] [stdout] 
[INFO] [stdout] ---- validate_conflicts_if_reading_from_stdin_for_decrypt_command stdout ----
[INFO] [stdout] thread 'validate_conflicts_if_reading_from_stdin_for_decrypt_command' panicked at /rustc/2fe50cd72c476ebacdedb14893e9632b4de961c2/library/core/src/ops/function.rs:250:5:
[INFO] [stdout] Unexpected stderr, failed var.ends_with("cannot read both passphrase and input data from stdin\n")
[INFO] [stdout] ├── var: Error: cannot read both passphrase and input data from stdin
[INFO] [stdout] │   
[INFO] [stdout] │   Stack backtrace:
[INFO] [stdout] │      0: anyhow::error::<impl anyhow::Error>::msg
[INFO] [stdout] │                at /opt/rustwide/cargo-home/registry/src/index.crates.io-6f17d22bba15001f/anyhow-1.0.76/src/error.rs:83:36
[INFO] [stdout] │      1: anyhow::__private::format_err
[INFO] [stdout] │                at /opt/rustwide/cargo-home/registry/src/index.crates.io-6f17d22bba15001f/anyhow-1.0.76/src/lib.rs:681:13
[INFO] [stdout] │      2: rscrypt::app::ensure_stdin_does_not_conflict
[INFO] [stdout] │                at /opt/rustwide/workdir/src/app.rs:19:9
[INFO] [stdout] │      3: rscrypt::app::run
[INFO] [stdout] │                at /opt/rustwide/workdir/src/app.rs:107:25
[INFO] [stdout] │      4: rscrypt::main
[INFO] [stdout] │                at /opt/rustwide/workdir/src/main.rs:86:11
[INFO] [stdout] │      5: core::ops::function::FnOnce::call_once
[INFO] [stdout] │                at /rustc/2fe50cd72c476ebacdedb14893e9632b4de961c2/library/core/src/ops/function.rs:250:5
[INFO] [stdout] │      6: std::sys_common::backtrace::__rust_begin_short_backtrace
[INFO] [stdout] │                at /rustc/2fe50cd72c476ebacdedb14893e9632b4de961c2/library/std/src/sys_common/backtrace.rs:155:18
[INFO] [stdout] │      7: std::rt::lang_start::{{closure}}
[INFO] [stdout] │                at /rustc/2fe50cd72c476ebacdedb14893e9632b4de961c2/library/std/src/rt.rs:166:18
[INFO] [stdout] │      8: core::ops::function::impls::<impl core::ops::function::FnOnce<A> for &F>::call_once
[INFO] [stdout] │                at /rustc/2fe50cd72c476ebacdedb14893e9632b4de961c2/library/core/src/ops/function.rs:284:13
[INFO] [stdout] │      9: std::panicking::try::do_call
[INFO] [stdout] │                at /rustc/2fe50cd72c476ebacdedb14893e9632b4de961c2/library/std/src/panicking.rs:552:40
[INFO] [stdout] │     10: std::panicking::try
[INFO] [stdout] │                at /rustc/2fe50cd72c476ebacdedb14893e9632b4de961c2/library/std/src/panicking.rs:516:19
[INFO] [stdout] │     11: std::panic::catch_unwind
[INFO] [stdout] │                at /rustc/2fe50cd72c476ebacdedb14893e9632b4de961c2/library/std/src/panic.rs:142:14
[INFO] [stdout] │     12: std::rt::lang_start_internal::{{closure}}
[INFO] [stdout] │                at /rustc/2fe50cd72c476ebacdedb14893e9632b4de961c2/library/std/src/rt.rs:148:48
[INFO] [stdout] │     13: std::panicking::try::do_call
[INFO] [stdout] │                at /rustc/2fe50cd72c476ebacdedb14893e9632b4de961c2/library/std/src/panicking.rs:552:40
[INFO] [stdout] │     14: std::panicking::try
[INFO] [stdout] │                at /rustc/2fe50cd72c476ebacdedb14893e9632b4de961c2/library/std/src/panicking.rs:516:19
[INFO] [stdout] │     15: std::panic::catch_unwind
[INFO] [stdout] │                at /rustc/2fe50cd72c476ebacdedb14893e9632b4de961c2/library/std/src/panic.rs:142:14
[INFO] [stdout] │     16: std::rt::lang_start_internal
[INFO] [stdout] │                at /rustc/2fe50cd72c476ebacdedb14893e9632b4de961c2/library/std/src/rt.rs:148:20
[INFO] [stdout] │     17: std::rt::lang_start
[INFO] [stdout] │                at /rustc/2fe50cd72c476ebacdedb14893e9632b4de961c2/library/std/src/rt.rs:165:17
[INFO] [stdout] │     18: main
[INFO] [stdout] │     19: <unknown>
[INFO] [stdout] │     20: __libc_start_main
[INFO] [stdout] │     21: _start
[INFO] [stdout] └── var as str: Error: cannot read both passphrase and input data from stdin
[INFO] [stdout]     
[INFO] [stdout]     Stack backtrace:
[INFO] [stdout]        0: anyhow::error::<impl anyhow::Error>::msg
[INFO] [stdout]                  at /opt/rustwide/cargo-home/registry/src/index.crates.io-6f17d22bba15001f/anyhow-1.0.76/src/error.rs:83:36
[INFO] [stdout]        1: anyhow::__private::format_err
[INFO] [stdout]                  at /opt/rustwide/cargo-home/registry/src/index.crates.io-6f17d22bba15001f/anyhow-1.0.76/src/lib.rs:681:13
[INFO] [stdout]        2: rscrypt::app::ensure_stdin_does_not_conflict
[INFO] [stdout]                  at /opt/rustwide/workdir/src/app.rs:19:9
[INFO] [stdout]        3: rscrypt::app::run
[INFO] [stdout]                  at /opt/rustwide/workdir/src/app.rs:107:25
[INFO] [stdout]        4: rscrypt::main
[INFO] [stdout]                  at /opt/rustwide/workdir/src/main.rs:86:11
[INFO] [stdout]        5: core::ops::function::FnOnce::call_once
[INFO] [stdout]                  at /rustc/2fe50cd72c476ebacdedb14893e9632b4de961c2/library/core/src/ops/function.rs:250:5
[INFO] [stdout]        6: std::sys_common::backtrace::__rust_begin_short_backtrace
[INFO] [stdout]                  at /rustc/2fe50cd72c476ebacdedb14893e9632b4de961c2/library/std/src/sys_common/backtrace.rs:155:18
[INFO] [stdout]        7: std::rt::lang_start::{{closure}}
[INFO] [stdout]                  at /rustc/2fe50cd72c476ebacdedb14893e9632b4de961c2/library/std/src/rt.rs:166:18
[INFO] [stdout]        8: core::ops::function::impls::<impl core::ops::function::FnOnce<A> for &F>::call_once
[INFO] [stdout]                  at /rustc/2fe50cd72c476ebacdedb14893e9632b4de961c2/library/core/src/ops/function.rs:284:13
[INFO] [stdout]        9: std::panicking::try::do_call
[INFO] [stdout]                  at /rustc/2fe50cd72c476ebacdedb14893e9632b4de961c2/library/std/src/panicking.rs:552:40
[INFO] [stdout]       10: std::panicking::try
[INFO] [stdout]                  at /rustc/2fe50cd72c476ebacdedb14893e9632b4de961c2/library/std/src/panicking.rs:516:19
[INFO] [stdout]       11: std::panic::catch_unwind
[INFO] [stdout]                  at /rustc/2fe50cd72c476ebacdedb14893e9632b4de961c2/library/std/src/panic.rs:142:14
[INFO] [stdout]       12: std::rt::lang_start_internal::{{closure}}
[INFO] [stdout]                  at /rustc/2fe50cd72c476ebacdedb14893e9632b4de961c2/library/std/src/rt.rs:148:48
[INFO] [stdout]       13: std::panicking::try::do_call
[INFO] [stdout]                  at /rustc/2fe50cd72c476ebacdedb14893e9632b4de961c2/library/std/src/panicking.rs:552:40
[INFO] [stdout]       14: std::panicking::try
[INFO] [stdout]                  at /rustc/2fe50cd72c476ebacdedb14893e9632b4de961c2/library/std/src/panicking.rs:516:19
[INFO] [stdout]       15: std::panic::catch_unwind
[INFO] [stdout]                  at /rustc/2fe50cd72c476ebacdedb14893e9632b4de961c2/library/std/src/panic.rs:142:14
[INFO] [stdout]       16: std::rt::lang_start_internal
[INFO] [stdout]                  at /rustc/2fe50cd72c476ebacdedb14893e9632b4de961c2/library/std/src/rt.rs:148:20
[INFO] [stdout]       17: std::rt::lang_start
[INFO] [stdout]                  at /rustc/2fe50cd72c476ebacdedb14893e9632b4de961c2/library/std/src/rt.rs:165:17
[INFO] [stdout]       18: main
[INFO] [stdout]       19: <unknown>
[INFO] [stdout]       20: __libc_start_main
[INFO] [stdout]       21: _start
[INFO] [stdout] 
[INFO] [stdout] command=`cd "tests" && "/opt/rustwide/target/debug/rscrypt" "dec" "--passphrase-from-stdin" "-"`
[INFO] [stdout] stdin=`"passphrase"`
[INFO] [stdout] code=1
[INFO] [stdout] stdout=""
[INFO] [stdout] stderr=```
[INFO] [stdout] Error: cannot read both passphrase and input data from stdin
[INFO] [stdout] 
[INFO] [stdout] Stack backtrace:
[INFO] [stdout]    0: anyhow::error::<impl anyhow::Error>::msg
[INFO] [stdout]              at /opt/rustwide/cargo-home/registry/src/index.crates.io-6f17d22bba15001f/anyhow-1.0.76/src/error.rs:83:36
[INFO] [stdout]    1: anyhow::__private::format_err
[INFO] [stdout]              at /opt/rustwide/cargo-home/registry/src/index.crates.io-6f17d22bba15001f/anyhow-1.0.76/src/lib.rs:681:13
[INFO] [stdout]    2: rscrypt::app::ensure_stdin_does_not_conflict
[INFO] [stdout]              at /opt/rustwide/workdir/src/app.rs:19:9
[INFO] [stdout]    3: rscrypt::app::run
[INFO] [stdout]              at /opt/rustwide/workdir/src/app.rs:107:25
[INFO] [stdout]    4: rscrypt::main
[INFO] [stdout]              at /opt/rustwide/workdir/src/main.rs:86:11
[INFO] [stdout]    5: core::ops::function::FnOnce::call_once
[INFO] [stdout]              at /rustc/2fe50cd72c476ebacdedb14893e9632b4de961c2/library/core/src/ops/function.rs:250:5
[INFO] [stdout]    6: std::sys_common::backtrace::__rust_begin_short_backtrace
[INFO] [stdout]              at /rustc/2fe50cd72c476ebacdedb14893e9632b4de961c2/library/std/src/sys_common/backtrace.rs:155:18
[INFO] [stdout]    7: std::rt::lang_start::{{closure}}
[INFO] [stdout]              at /rustc/2fe50cd72c476ebacdedb14893e9632b4de961c2/library/std/src/rt.rs:166:18
[INFO] [stdout]    8: core::ops::function::impls::<impl core::ops::function::FnOnce<A> for &F>::call_once
[INFO] [stdout]              at /rustc/2fe50cd72c476ebacdedb14893e9632b4de961c2/library/core/src/ops/function.rs:284:13
[INFO] [stdout]    9: std::panicking::try::do_call
[INFO] [stdout]              at /rustc/2fe50cd72c476ebacdedb14893e9632b4de961c2/library/std/src/panicking.rs:552:40
[INFO] [stdout]   10: std::panicking::try
[INFO] [stdout]              at /rustc/2fe50cd72c476ebacdedb14893e9632b4de961c2/library/std/src/panicking.rs:516:19
[INFO] [stdout]   11: std::panic::catch_unwind
[INFO] [stdout]              at /rustc/2fe50cd72c476ebacdedb14893e9632b4de961c2/library/std/src/panic.rs:142:14
[INFO] [stdout]   12: std::rt::lang_start_internal::{{closure}}
[INFO] [stdout]              at /rustc/2fe50cd72c476ebacdedb14893e9632b4de961c2/library/std/src/rt.rs:148:48
[INFO] [stdout]   13: std::panicking::try::do_call
[INFO] [stdout]              at /rustc/2fe50cd72c476ebacdedb14893e9632b4de961c2/library/std/src/panicking.rs:552:40
[INFO] [stdout]   14: std::panicking::try
[INFO] [stdout]              at /rustc/2fe50cd72c476ebacdedb14893e9632b4de961c2/library/std/src/panicking.rs:516:19
[INFO] [stdout]   15: std::panic::catch_unwind
[INFO] [stdout]              at /rustc/2fe50cd72c476ebacdedb14893e9632b4de961c2/library/std/src/panic.rs:142:14
[INFO] [stdout]   16: std::rt::lang_start_internal
[INFO] [stdout]              at /rustc/2fe50cd72c476ebacdedb14893e9632b4de961c2/library/std/src/rt.rs:148:20
[INFO] [stdout]   17: std::rt::lang_start
[INFO] [stdout]              at /rustc/2fe50cd72c476ebacdedb14893e9632b4de961c2/library/std/src/rt.rs:165:17
[INFO] [stdout]   18: main
[INFO] [stdout]   19: <unknown>
[INFO] [stdout]   20: __libc_start_main
[INFO] [stdout]   21: _start
[INFO] [stdout] ```
[INFO] [stdout] 
[INFO] [stdout] 
[INFO] [stdout] stack backtrace:
[INFO] [stdout]    0:     0x55930d357996 - std::backtrace_rs::backtrace::libunwind::trace::hd7a456af414d63de
[INFO] [stdout]                                at /rustc/2fe50cd72c476ebacdedb14893e9632b4de961c2/library/std/src/../../backtrace/src/backtrace/libunwind.rs:104:5
[INFO] [stdout]    1:     0x55930d357996 - std::backtrace_rs::backtrace::trace_unsynchronized::h64867240ea973bd5
[INFO] [stdout]                                at /rustc/2fe50cd72c476ebacdedb14893e9632b4de961c2/library/std/src/../../backtrace/src/backtrace/mod.rs:66:5
[INFO] [stdout]    2:     0x55930d357996 - std::sys_common::backtrace::_print_fmt::h2808b222ea4d26d0
[INFO] [stdout]                                at /rustc/2fe50cd72c476ebacdedb14893e9632b4de961c2/library/std/src/sys_common/backtrace.rs:68:5
[INFO] [stdout]    3:     0x55930d357996 - <std::sys_common::backtrace::_print::DisplayBacktrace as core::fmt::Display>::fmt::h03f74bc036e21c80
[INFO] [stdout]                                at /rustc/2fe50cd72c476ebacdedb14893e9632b4de961c2/library/std/src/sys_common/backtrace.rs:44:22
[INFO] [stdout]    4:     0x55930d3818d0 - core::fmt::rt::Argument::fmt::h8121cad32ccb67f1
[INFO] [stdout]                                at /rustc/2fe50cd72c476ebacdedb14893e9632b4de961c2/library/core/src/fmt/rt.rs:142:9
[INFO] [stdout]    5:     0x55930d3818d0 - core::fmt::write::hba6738a49cae548f
[INFO] [stdout]                                at /rustc/2fe50cd72c476ebacdedb14893e9632b4de961c2/library/core/src/fmt/mod.rs:1120:17
[INFO] [stdout]    6:     0x55930d354c8f - std::io::Write::write_fmt::h998dc49ddc9bbda8
[INFO] [stdout]                                at /rustc/2fe50cd72c476ebacdedb14893e9632b4de961c2/library/std/src/io/mod.rs:1810:15
[INFO] [stdout]    7:     0x55930d357774 - std::sys_common::backtrace::_print::h12e2732351687df5
[INFO] [stdout]                                at /rustc/2fe50cd72c476ebacdedb14893e9632b4de961c2/library/std/src/sys_common/backtrace.rs:47:5
[INFO] [stdout]    8:     0x55930d357774 - std::sys_common::backtrace::print::h3977ff4fa70d37c3
[INFO] [stdout]                                at /rustc/2fe50cd72c476ebacdedb14893e9632b4de961c2/library/std/src/sys_common/backtrace.rs:34:9
[INFO] [stdout]    9:     0x55930d359567 - std::panicking::default_hook::{{closure}}::h3649b42de801f190
[INFO] [stdout]   10:     0x55930d35924d - std::panicking::default_hook::h3fb7ccab350417f5
[INFO] [stdout]                                at /rustc/2fe50cd72c476ebacdedb14893e9632b4de961c2/library/std/src/panicking.rs:289:9
[INFO] [stdout]   11:     0x55930d2d58d7 - <alloc::boxed::Box<F,A> as core::ops::function::Fn<Args>>::call::hcac2ee49c7d5205e
[INFO] [stdout]                                at /rustc/2fe50cd72c476ebacdedb14893e9632b4de961c2/library/alloc/src/boxed.rs:2029:9
[INFO] [stdout]   12:     0x55930d2d58d7 - test::test_main::{{closure}}::ha6dc19c93a11f2d1
[INFO] [stdout]                                at /rustc/2fe50cd72c476ebacdedb14893e9632b4de961c2/library/test/src/lib.rs:138:21
[INFO] [stdout]   13:     0x55930d359b86 - <alloc::boxed::Box<F,A> as core::ops::function::Fn<Args>>::call::h29b8e785b856bb23
[INFO] [stdout]                                at /rustc/2fe50cd72c476ebacdedb14893e9632b4de961c2/library/alloc/src/boxed.rs:2029:9
[INFO] [stdout]   14:     0x55930d359b86 - std::panicking::rust_panic_with_hook::h5efc89ef996de810
[INFO] [stdout]                                at /rustc/2fe50cd72c476ebacdedb14893e9632b4de961c2/library/std/src/panicking.rs:783:13
[INFO] [stdout]   15:     0x55930d3598d2 - std::panicking::begin_panic_handler::{{closure}}::h6289f51ae1ae9efc
[INFO] [stdout]                                at /rustc/2fe50cd72c476ebacdedb14893e9632b4de961c2/library/std/src/panicking.rs:657:13
[INFO] [stdout]   16:     0x55930d357e96 - std::sys_common::backtrace::__rust_end_short_backtrace::h9f143e0a9d826e65
[INFO] [stdout]                                at /rustc/2fe50cd72c476ebacdedb14893e9632b4de961c2/library/std/src/sys_common/backtrace.rs:171:18
[INFO] [stdout]   17:     0x55930d359630 - rust_begin_unwind
[INFO] [stdout]                                at /rustc/2fe50cd72c476ebacdedb14893e9632b4de961c2/library/std/src/panicking.rs:645:5
[INFO] [stdout]   18:     0x55930d292125 - core::panicking::panic_fmt::h5b9d04f36fd68862
[INFO] [stdout]                                at /rustc/2fe50cd72c476ebacdedb14893e9632b4de961c2/library/core/src/panicking.rs:72:14
[INFO] [stdout]   19:     0x55930d2e137f - core::panicking::panic_display::h1510555564811927
[INFO] [stdout]                                at /rustc/2fe50cd72c476ebacdedb14893e9632b4de961c2/library/core/src/panicking.rs:196:5
[INFO] [stdout]   20:     0x55930d2eb1ee - assert_cmd::assert::AssertError::panic::panic_cold_display::h591e4303813afc29
[INFO] [stdout]                                at /rustc/2fe50cd72c476ebacdedb14893e9632b4de961c2/library/core/src/panic.rs:99:13
[INFO] [stdout]   21:     0x55930d2eab67 - assert_cmd::assert::AssertError::panic::h712e3e4de0c7d8e3
[INFO] [stdout]                                at /opt/rustwide/cargo-home/registry/src/index.crates.io-6f17d22bba15001f/assert_cmd-2.0.12/src/assert.rs:1033:9
[INFO] [stdout]   22:     0x55930d2ebff7 - core::ops::function::FnOnce::call_once::h2481cdafb97f83e7
[INFO] [stdout]                                at /rustc/2fe50cd72c476ebacdedb14893e9632b4de961c2/library/core/src/ops/function.rs:250:5
[INFO] [stdout]   23:     0x55930d2e7460 - core::result::Result<T,E>::unwrap_or_else::h57091581c893d00f
[INFO] [stdout]                                at /rustc/2fe50cd72c476ebacdedb14893e9632b4de961c2/library/core/src/result.rs:1426:23
[INFO] [stdout]   24:     0x55930d2936f5 - assert_cmd::assert::Assert::stderr::h6f8f282b9cf5867d
[INFO] [stdout]                                at /opt/rustwide/cargo-home/registry/src/index.crates.io-6f17d22bba15001f/assert_cmd-2.0.12/src/assert.rs:460:9
[INFO] [stdout]   25:     0x55930d2a0278 - integration::validate_conflicts_if_reading_from_stdin_for_decrypt_command::h49c02ce0216f15b5
[INFO] [stdout]                                at /opt/rustwide/workdir/tests/integration.rs:716:5
[INFO] [stdout]   26:     0x55930d2a00f7 - integration::validate_conflicts_if_reading_from_stdin_for_decrypt_command::{{closure}}::h664d1a0890d5b638
[INFO] [stdout]                                at /opt/rustwide/workdir/tests/integration.rs:715:66
[INFO] [stdout]   27:     0x55930d296776 - core::ops::function::FnOnce::call_once::hec9704b1d4056307
[INFO] [stdout]                                at /rustc/2fe50cd72c476ebacdedb14893e9632b4de961c2/library/core/src/ops/function.rs:250:5
[INFO] [stdout]   28:     0x55930d2db0df - core::ops::function::FnOnce::call_once::h547df4cc4781c42c
[INFO] [stdout]                                at /rustc/2fe50cd72c476ebacdedb14893e9632b4de961c2/library/core/src/ops/function.rs:250:5
[INFO] [stdout]   29:     0x55930d2db0df - test::__rust_begin_short_backtrace::h0751f8da0df8afc9
[INFO] [stdout]                                at /rustc/2fe50cd72c476ebacdedb14893e9632b4de961c2/library/test/src/lib.rs:627:18
[INFO] [stdout]   30:     0x55930d2d9f31 - test::run_test_in_process::{{closure}}::h08b7e2b944f5d3bf
[INFO] [stdout]                                at /rustc/2fe50cd72c476ebacdedb14893e9632b4de961c2/library/test/src/lib.rs:650:60
[INFO] [stdout]   31:     0x55930d2d9f31 - <core::panic::unwind_safe::AssertUnwindSafe<F> as core::ops::function::FnOnce<()>>::call_once::h4eabe934da23f6d3
[INFO] [stdout]                                at /rustc/2fe50cd72c476ebacdedb14893e9632b4de961c2/library/core/src/panic/unwind_safe.rs:272:9
[INFO] [stdout]   32:     0x55930d2d9f31 - std::panicking::try::do_call::h8bce2a819a83d75f
[INFO] [stdout]                                at /rustc/2fe50cd72c476ebacdedb14893e9632b4de961c2/library/std/src/panicking.rs:552:40
[INFO] [stdout]   33:     0x55930d2d9f31 - std::panicking::try::h8d0ad43ca1e9dfe4
[INFO] [stdout]                                at /rustc/2fe50cd72c476ebacdedb14893e9632b4de961c2/library/std/src/panicking.rs:516:19
[INFO] [stdout]   34:     0x55930d2d9f31 - std::panic::catch_unwind::h80c407981483a27f
[INFO] [stdout]                                at /rustc/2fe50cd72c476ebacdedb14893e9632b4de961c2/library/std/src/panic.rs:142:14
[INFO] [stdout]   35:     0x55930d2d9f31 - test::run_test_in_process::h34f4f1cf26878dcc
[INFO] [stdout]                                at /rustc/2fe50cd72c476ebacdedb14893e9632b4de961c2/library/test/src/lib.rs:650:27
[INFO] [stdout]   36:     0x55930d2d9f31 - test::run_test::{{closure}}::hf98423759bd4e4de
[INFO] [stdout]                                at /rustc/2fe50cd72c476ebacdedb14893e9632b4de961c2/library/test/src/lib.rs:573:43
[INFO] [stdout]   37:     0x55930d2a12c6 - test::run_test::{{closure}}::h31f9214a9865a468
[INFO] [stdout]                                at /rustc/2fe50cd72c476ebacdedb14893e9632b4de961c2/library/test/src/lib.rs:601:41
[INFO] [stdout]   38:     0x55930d2a12c6 - std::sys_common::backtrace::__rust_begin_short_backtrace::h97eebf57e64e4a3e
[INFO] [stdout]                                at /rustc/2fe50cd72c476ebacdedb14893e9632b4de961c2/library/std/src/sys_common/backtrace.rs:155:18
[INFO] [stdout]   39:     0x55930d2a63c7 - std::thread::Builder::spawn_unchecked_::{{closure}}::{{closure}}::h10343cc6e645d5a7
[INFO] [stdout]                                at /rustc/2fe50cd72c476ebacdedb14893e9632b4de961c2/library/std/src/thread/mod.rs:529:17
[INFO] [stdout]   40:     0x55930d2a63c7 - <core::panic::unwind_safe::AssertUnwindSafe<F> as core::ops::function::FnOnce<()>>::call_once::h7676f5746d51f304
[INFO] [stdout]                                at /rustc/2fe50cd72c476ebacdedb14893e9632b4de961c2/library/core/src/panic/unwind_safe.rs:272:9
[INFO] [stdout]   41:     0x55930d2a63c7 - std::panicking::try::do_call::h76c69ddb47b6692d
[INFO] [stdout]                                at /rustc/2fe50cd72c476ebacdedb14893e9632b4de961c2/library/std/src/panicking.rs:552:40
[INFO] [stdout]   42:     0x55930d2a63c7 - std::panicking::try::h231004126786543e
[INFO] [stdout]                                at /rustc/2fe50cd72c476ebacdedb14893e9632b4de961c2/library/std/src/panicking.rs:516:19
[INFO] [stdout]   43:     0x55930d2a63c7 - std::panic::catch_unwind::h519133dc1360745e
[INFO] [stdout]                                at /rustc/2fe50cd72c476ebacdedb14893e9632b4de961c2/library/std/src/panic.rs:142:14
[INFO] [stdout]   44:     0x55930d2a63c7 - std::thread::Builder::spawn_unchecked_::{{closure}}::h7c96b1538d88533f
[INFO] [stdout]                                at /rustc/2fe50cd72c476ebacdedb14893e9632b4de961c2/library/std/src/thread/mod.rs:528:30
[INFO] [stdout]   45:     0x55930d2a63c7 - core::ops::function::FnOnce::call_once{{vtable.shim}}::h90e3a916fbad66da
[INFO] [stdout]                                at /rustc/2fe50cd72c476ebacdedb14893e9632b4de961c2/library/core/src/ops/function.rs:250:5
[INFO] [stdout]   46:     0x55930d35f065 - <alloc::boxed::Box<F,A> as core::ops::function::FnOnce<Args>>::call_once::h12c26c313019b755
[INFO] [stdout]                                at /rustc/2fe50cd72c476ebacdedb14893e9632b4de961c2/library/alloc/src/boxed.rs:2015:9
[INFO] [stdout]   47:     0x55930d35f065 - <alloc::boxed::Box<F,A> as core::ops::function::FnOnce<Args>>::call_once::h3a7c22937eaa10d1
[INFO] [stdout]                                at /rustc/2fe50cd72c476ebacdedb14893e9632b4de961c2/library/alloc/src/boxed.rs:2015:9
[INFO] [stdout]   48:     0x55930d35f065 - std::sys::unix::thread::Thread::new::thread_start::h1ce303acc71f2e7d
[INFO] [stdout]                                at /rustc/2fe50cd72c476ebacdedb14893e9632b4de961c2/library/std/src/sys/unix/thread.rs:108:17
[INFO] [stdout]   49:     0x7fc37e5aaac3 - <unknown>
[INFO] [stdout]   50:     0x7fc37e63bbf4 - __clone
[INFO] [stdout]   51:                0x0 - <unknown>
[INFO] [stdout] 
[INFO] [stdout] 
[INFO] [stdout] failures:
[INFO] [stdout]     validate_conflicts_if_reading_from_stdin_for_decrypt_command
[INFO] [stdout]     validate_conflicts_if_reading_from_stdin_for_encrypt_command
[INFO] [stdout] 
[INFO] [stdout] test result: FAILED. 27 passed; 2 failed; 0 ignored; 0 measured; 0 filtered out; finished in 29.33s
[INFO] [stdout] 
[INFO] [stderr] error: test failed, to rerun pass `--test integration`
[INFO] running `Command { std: "docker" "inspect" "da13d3b603e5cf1ad628d3c25f0bf8a53edded955d3c854c2d3366ee2a368cab", kill_on_drop: false }`
[INFO] running `Command { std: "docker" "rm" "-f" "da13d3b603e5cf1ad628d3c25f0bf8a53edded955d3c854c2d3366ee2a368cab", kill_on_drop: false }`
[INFO] [stdout] da13d3b603e5cf1ad628d3c25f0bf8a53edded955d3c854c2d3366ee2a368cab
[INFO] testing sorairolake/rscrypt against try#9c1665de5d324fe858dc15371578d6f928bfc123 for pr-116088-2
[INFO] running `Command { std: "git" "clone" "/workspace/cache/git-repos/https%3A%2F%2Fgithub.com%2Fsorairolake%2Frscrypt" "/workspace/builds/worker-2-tc2/source", kill_on_drop: false }`
[INFO] [stderr] Cloning into '/workspace/builds/worker-2-tc2/source'...
[INFO] [stderr] done.
[INFO] validating manifest of git repo https://github.com/sorairolake/rscrypt on toolchain 9c1665de5d324fe858dc15371578d6f928bfc123
[INFO] running `Command { std: CARGO_HOME="/workspace/cargo-home" RUSTUP_HOME="/workspace/rustup-home" "/workspace/cargo-home/bin/cargo" "+9c1665de5d324fe858dc15371578d6f928bfc123" "metadata" "--manifest-path" "Cargo.toml" "--no-deps", kill_on_drop: false }`
[INFO] started tweaking git repo https://github.com/sorairolake/rscrypt
[INFO] finished tweaking git repo https://github.com/sorairolake/rscrypt
[INFO] tweaked toml for git repo https://github.com/sorairolake/rscrypt written to /workspace/builds/worker-2-tc2/source/Cargo.toml
[INFO] crate git repo https://github.com/sorairolake/rscrypt already has a lockfile, it will not be regenerated
[INFO] running `Command { std: CARGO_HOME="/workspace/cargo-home" RUSTUP_HOME="/workspace/rustup-home" "/workspace/cargo-home/bin/cargo" "+9c1665de5d324fe858dc15371578d6f928bfc123" "fetch" "--manifest-path" "Cargo.toml", kill_on_drop: false }`
[INFO] running `Command { std: "docker" "create" "-v" "/var/lib/crater-agent-workspace/builds/worker-2-tc2/target:/opt/rustwide/target:rw,Z" "-v" "/var/lib/crater-agent-workspace/builds/worker-2-tc2/source:/opt/rustwide/workdir:ro,Z" "-v" "/var/lib/crater-agent-workspace/cargo-home:/opt/rustwide/cargo-home:ro,Z" "-v" "/var/lib/crater-agent-workspace/rustup-home:/opt/rustwide/rustup-home:ro,Z" "-e" "SOURCE_DIR=/opt/rustwide/workdir" "-e" "CARGO_TARGET_DIR=/opt/rustwide/target" "-e" "CARGO_HOME=/opt/rustwide/cargo-home" "-e" "RUSTUP_HOME=/opt/rustwide/rustup-home" "-w" "/opt/rustwide/workdir" "-m" "1610612736" "--user" "0:0" "--network" "none" "ghcr.io/rust-lang/crates-build-env/linux@sha256:2788e3201cd34a07e3172128adcd8b3090168a8e3bcc40d7c032b9dda1df7d1c" "/opt/rustwide/cargo-home/bin/cargo" "+9c1665de5d324fe858dc15371578d6f928bfc123" "metadata" "--no-deps" "--format-version=1", kill_on_drop: false }`
[INFO] [stdout] d579fb4e528af61937f1bcbd5406d85b4c271cba0b73d26d16ea41a1b2142e19
[INFO] running `Command { std: "docker" "start" "-a" "d579fb4e528af61937f1bcbd5406d85b4c271cba0b73d26d16ea41a1b2142e19", kill_on_drop: false }`
[INFO] running `Command { std: "docker" "inspect" "d579fb4e528af61937f1bcbd5406d85b4c271cba0b73d26d16ea41a1b2142e19", kill_on_drop: false }`
[INFO] running `Command { std: "docker" "rm" "-f" "d579fb4e528af61937f1bcbd5406d85b4c271cba0b73d26d16ea41a1b2142e19", kill_on_drop: false }`
[INFO] [stdout] d579fb4e528af61937f1bcbd5406d85b4c271cba0b73d26d16ea41a1b2142e19
[INFO] running `Command { std: "docker" "create" "-v" "/var/lib/crater-agent-workspace/builds/worker-2-tc2/target:/opt/rustwide/target:rw,Z" "-v" "/var/lib/crater-agent-workspace/builds/worker-2-tc2/source:/opt/rustwide/workdir:ro,Z" "-v" "/var/lib/crater-agent-workspace/cargo-home:/opt/rustwide/cargo-home:ro,Z" "-v" "/var/lib/crater-agent-workspace/rustup-home:/opt/rustwide/rustup-home:ro,Z" "-e" "SOURCE_DIR=/opt/rustwide/workdir" "-e" "CARGO_TARGET_DIR=/opt/rustwide/target" "-e" "CARGO_INCREMENTAL=0" "-e" "RUST_BACKTRACE=full" "-e" "RUSTFLAGS=--cap-lints=forbid" "-e" "RUSTDOCFLAGS=--cap-lints=forbid" "-e" "CARGO_HOME=/opt/rustwide/cargo-home" "-e" "RUSTUP_HOME=/opt/rustwide/rustup-home" "-w" "/opt/rustwide/workdir" "-m" "1610612736" "--user" "0:0" "--network" "none" "ghcr.io/rust-lang/crates-build-env/linux@sha256:2788e3201cd34a07e3172128adcd8b3090168a8e3bcc40d7c032b9dda1df7d1c" "/opt/rustwide/cargo-home/bin/cargo" "+9c1665de5d324fe858dc15371578d6f928bfc123" "build" "--frozen" "--message-format=json", kill_on_drop: false }`
[INFO] [stdout] 3a69505f966f2cf4a32a11bbd1aa89e31e31cee3b87b2c45125893c12485b760
[INFO] running `Command { std: "docker" "start" "-a" "3a69505f966f2cf4a32a11bbd1aa89e31e31cee3b87b2c45125893c12485b760", kill_on_drop: false }`
[INFO] [stderr]    Compiling autocfg v1.1.0
[INFO] [stderr]    Compiling typenum v1.17.0
[INFO] [stderr]    Compiling version_check v0.9.4
[INFO] [stderr]    Compiling cfg-if v1.0.0
[INFO] [stderr]    Compiling proc-macro2 v1.0.71
[INFO] [stderr]    Compiling unicode-ident v1.0.12
[INFO] [stderr]    Compiling libc v0.2.151
[INFO] [stderr]    Compiling subtle v2.5.0
[INFO] [stderr]    Compiling rustix v0.38.28
[INFO] [stderr]    Compiling crossbeam-utils v0.8.17
[INFO] [stderr]    Compiling utf8parse v0.2.1
[INFO] [stderr]    Compiling bitflags v2.4.1
[INFO] [stderr]    Compiling linux-raw-sys v0.4.12
[INFO] [stderr]    Compiling anstyle-query v1.0.2
[INFO] [stderr]    Compiling colorchoice v1.0.0
[INFO] [stderr]    Compiling anstyle v1.0.4
[INFO] [stderr]    Compiling heck v0.4.1
[INFO] [stderr]    Compiling strsim v0.10.0
[INFO] [stderr]    Compiling rayon-core v1.12.0
[INFO] [stderr]    Compiling anstyle-parse v0.2.3
[INFO] [stderr]    Compiling cpufeatures v0.2.11
[INFO] [stderr]    Compiling clap_lex v0.6.0
[INFO] [stderr]    Compiling base64ct v1.6.0
[INFO] [stderr]    Compiling anstream v0.6.5
[INFO] [stderr]    Compiling generic-array v0.14.7
[INFO] [stderr]    Compiling serde v1.0.193
[INFO] [stderr]    Compiling thiserror v1.0.51
[INFO] [stderr]    Compiling rust_decimal v1.33.1
[INFO] [stderr]    Compiling ppv-lite86 v0.2.17
[INFO] [stderr]    Compiling anyhow v1.0.76
[INFO] [stderr]    Compiling arrayvec v0.7.4
[INFO] [stderr]    Compiling num-traits v0.2.17
[INFO] [stderr]    Compiling memoffset v0.9.0
[INFO] [stderr]    Compiling num-integer v0.1.45
[INFO] [stderr]    Compiling num-rational v0.4.1
[INFO] [stderr]    Compiling num-iter v0.1.43
[INFO] [stderr]    Compiling lazy_static v1.4.0
[INFO] [stderr]    Compiling either v1.9.0
[INFO] [stderr]    Compiling serde_json v1.0.108
[INFO] [stderr]    Compiling unicode-width v0.1.11
[INFO] [stderr]    Compiling utf8-width v0.1.7
[INFO] [stderr]    Compiling ryu v1.0.16
[INFO] [stderr]    Compiling once_cell v1.19.0
[INFO] [stderr]    Compiling itoa v1.0.10
[INFO] [stderr]    Compiling zeroize v1.7.0
[INFO] [stderr]    Compiling quote v1.0.33
[INFO] [stderr]    Compiling scryptenc-cli v0.7.6 (/opt/rustwide/workdir)
[INFO] [stderr]    Compiling shell-words v1.1.0
[INFO] [stderr]    Compiling crossbeam-epoch v0.9.16
[INFO] [stderr]    Compiling humantime v2.1.0
[INFO] [stderr]    Compiling sysexits v0.7.7
[INFO] [stderr]    Compiling syn v2.0.42
[INFO] [stderr]    Compiling crossbeam-deque v0.8.4
[INFO] [stderr] warning: scryptenc-cli@0.7.6: failed to execute Asciidoctor: No such file or directory (os error 2)
[INFO] [stderr]    Compiling getrandom v0.2.11
[INFO] [stderr]    Compiling console v0.15.7
[INFO] [stderr]    Compiling rand_core v0.6.4
[INFO] [stderr]    Compiling terminal_size v0.3.0
[INFO] [stderr]    Compiling clap_builder v4.4.11
[INFO] [stderr]    Compiling rand_chacha v0.3.1
[INFO] [stderr]    Compiling password-hash v0.5.0
[INFO] [stderr]    Compiling crypto-common v0.1.6
[INFO] [stderr]    Compiling block-buffer v0.10.4
[INFO] [stderr]    Compiling inout v0.1.3
[INFO] [stderr]    Compiling digest v0.10.7
[INFO] [stderr]    Compiling cipher v0.4.4
[INFO] [stderr]    Compiling rand v0.8.5
[INFO] [stderr]    Compiling hmac v0.12.1
[INFO] [stderr]    Compiling sha2 v0.10.8
[INFO] [stderr]    Compiling salsa20 v0.10.2
[INFO] [stderr]    Compiling ctr v0.9.2
[INFO] [stderr]    Compiling aes v0.8.3
[INFO] [stderr]    Compiling pbkdf2 v0.12.2
[INFO] [stderr]    Compiling num-complex v0.4.4
[INFO] [stderr]    Compiling rayon v1.8.0
[INFO] [stderr]    Compiling scrypt v0.11.0
[INFO] [stderr]    Compiling scryptenc v0.8.6
[INFO] [stderr]    Compiling byte-unit v5.1.2
[INFO] [stderr]    Compiling num v0.4.1
[INFO] [stderr]    Compiling fraction v0.14.0
[INFO] [stderr]    Compiling sysinfo v0.30.0
[INFO] [stderr]    Compiling clap_derive v4.4.7
[INFO] [stderr]    Compiling thiserror-impl v1.0.51
[INFO] [stderr]    Compiling serde_derive v1.0.193
[INFO] [stderr]    Compiling dialoguer v0.11.0
[INFO] [stderr]    Compiling clap v4.4.11
[INFO] [stderr]    Compiling clap_complete v4.4.4
[INFO] [stderr]    Compiling clap_complete_nushell v4.4.2
[INFO] [stderr]     Finished dev [unoptimized + debuginfo] target(s) in 12.31s
[INFO] running `Command { std: "docker" "inspect" "3a69505f966f2cf4a32a11bbd1aa89e31e31cee3b87b2c45125893c12485b760", kill_on_drop: false }`
[INFO] running `Command { std: "docker" "rm" "-f" "3a69505f966f2cf4a32a11bbd1aa89e31e31cee3b87b2c45125893c12485b760", kill_on_drop: false }`
[INFO] [stdout] 3a69505f966f2cf4a32a11bbd1aa89e31e31cee3b87b2c45125893c12485b760
[INFO] running `Command { std: "docker" "create" "-v" "/var/lib/crater-agent-workspace/builds/worker-2-tc2/target:/opt/rustwide/target:rw,Z" "-v" "/var/lib/crater-agent-workspace/builds/worker-2-tc2/source:/opt/rustwide/workdir:ro,Z" "-v" "/var/lib/crater-agent-workspace/cargo-home:/opt/rustwide/cargo-home:ro,Z" "-v" "/var/lib/crater-agent-workspace/rustup-home:/opt/rustwide/rustup-home:ro,Z" "-e" "SOURCE_DIR=/opt/rustwide/workdir" "-e" "CARGO_TARGET_DIR=/opt/rustwide/target" "-e" "CARGO_INCREMENTAL=0" "-e" "RUST_BACKTRACE=full" "-e" "RUSTFLAGS=--cap-lints=forbid" "-e" "RUSTDOCFLAGS=--cap-lints=forbid" "-e" "CARGO_HOME=/opt/rustwide/cargo-home" "-e" "RUSTUP_HOME=/opt/rustwide/rustup-home" "-w" "/opt/rustwide/workdir" "-m" "1610612736" "--user" "0:0" "--network" "none" "ghcr.io/rust-lang/crates-build-env/linux@sha256:2788e3201cd34a07e3172128adcd8b3090168a8e3bcc40d7c032b9dda1df7d1c" "/opt/rustwide/cargo-home/bin/cargo" "+9c1665de5d324fe858dc15371578d6f928bfc123" "test" "--frozen" "--no-run" "--message-format=json", kill_on_drop: false }`
[INFO] [stdout] 8d75cee633983963439c5669ccc78a882bf7ca58b84d2541f7c95fd8cca998b8
[INFO] running `Command { std: "docker" "start" "-a" "8d75cee633983963439c5669ccc78a882bf7ca58b84d2541f7c95fd8cca998b8", kill_on_drop: false }`
[INFO] [stderr]    Compiling either v1.9.0
[INFO] [stderr]    Compiling memchr v2.6.4
[INFO] [stderr]    Compiling regex-syntax v0.8.2
[INFO] [stderr]    Compiling doc-comment v0.3.3
[INFO] [stderr]    Compiling predicates-core v1.0.6
[INFO] [stderr]    Compiling float-cmp v0.9.0
[INFO] [stderr]    Compiling normalize-line-endings v0.3.0
[INFO] [stderr]    Compiling termtree v0.4.1
[INFO] [stderr]    Compiling difflib v0.4.0
[INFO] [stderr]    Compiling wait-timeout v0.2.0
[INFO] [stderr] warning: scryptenc-cli@0.7.6: failed to execute Asciidoctor: No such file or directory (os error 2)
[INFO] [stderr]    Compiling predicates-tree v1.0.9
[INFO] [stderr]    Compiling rayon v1.8.0
[INFO] [stderr]    Compiling itertools v0.11.0
[INFO] [stderr]    Compiling aho-corasick v1.1.2
[INFO] [stderr]    Compiling sysinfo v0.30.0
[INFO] [stderr]    Compiling regex-automata v0.4.3
[INFO] [stderr]    Compiling scryptenc-cli v0.7.6 (/opt/rustwide/workdir)
[INFO] [stderr]    Compiling regex v1.10.2
[INFO] [stderr]    Compiling bstr v1.8.0
[INFO] [stderr]    Compiling predicates v3.0.4
[INFO] [stderr]    Compiling assert_cmd v2.0.12
[INFO] [stderr]     Finished test [unoptimized + debuginfo] target(s) in 9.72s
[INFO] running `Command { std: "docker" "inspect" "8d75cee633983963439c5669ccc78a882bf7ca58b84d2541f7c95fd8cca998b8", kill_on_drop: false }`
[INFO] running `Command { std: "docker" "rm" "-f" "8d75cee633983963439c5669ccc78a882bf7ca58b84d2541f7c95fd8cca998b8", kill_on_drop: false }`
[INFO] [stdout] 8d75cee633983963439c5669ccc78a882bf7ca58b84d2541f7c95fd8cca998b8
[INFO] running `Command { std: "docker" "create" "-v" "/var/lib/crater-agent-workspace/builds/worker-2-tc2/target:/opt/rustwide/target:rw,Z" "-v" "/var/lib/crater-agent-workspace/builds/worker-2-tc2/source:/opt/rustwide/workdir:ro,Z" "-v" "/var/lib/crater-agent-workspace/cargo-home:/opt/rustwide/cargo-home:ro,Z" "-v" "/var/lib/crater-agent-workspace/rustup-home:/opt/rustwide/rustup-home:ro,Z" "-e" "SOURCE_DIR=/opt/rustwide/workdir" "-e" "CARGO_TARGET_DIR=/opt/rustwide/target" "-e" "CARGO_INCREMENTAL=0" "-e" "RUST_BACKTRACE=full" "-e" "RUSTFLAGS=--cap-lints=forbid" "-e" "RUSTDOCFLAGS=--cap-lints=forbid" "-e" "CARGO_HOME=/opt/rustwide/cargo-home" "-e" "RUSTUP_HOME=/opt/rustwide/rustup-home" "-w" "/opt/rustwide/workdir" "-m" "1610612736" "--user" "0:0" "--network" "none" "ghcr.io/rust-lang/crates-build-env/linux@sha256:2788e3201cd34a07e3172128adcd8b3090168a8e3bcc40d7c032b9dda1df7d1c" "/opt/rustwide/cargo-home/bin/cargo" "+9c1665de5d324fe858dc15371578d6f928bfc123" "test" "--frozen", kill_on_drop: false }`
[INFO] [stdout] b57050492f2861f985a4669801b5019a3c93672e7eed5db5e2fcd509b0393514
[INFO] running `Command { std: "docker" "start" "-a" "b57050492f2861f985a4669801b5019a3c93672e7eed5db5e2fcd509b0393514", kill_on_drop: false }`
[INFO] [stderr] warning: scryptenc-cli@0.7.6: failed to execute Asciidoctor: No such file or directory (os error 2)
[INFO] [stderr]     Finished test [unoptimized + debuginfo] target(s) in 0.19s
[INFO] [stderr]      Running unittests src/main.rs (/opt/rustwide/target/debug/deps/rscrypt-d144691fd1c00440)
[INFO] [stdout] 
[INFO] [stdout] running 18 tests
[INFO] [stdout] test cli::tests::deref_rate ... ok
[INFO] [stdout] test cli::tests::deref_byte ... ok
[INFO] [stdout] test cli::tests::from_str_rate ... ok
[INFO] [stdout] test utils::tests::remove_cr_lf ... ok
[INFO] [stdout] test cli::tests::deref_time ... ok
[INFO] [stdout] test cli::tests::file_name_shell ... ok
[INFO] [stdout] test cli::tests::debug_time ... ok
[INFO] [stdout] test cli::tests::from_str_byte ... ok
[INFO] [stdout] test cli::tests::from_str_time ... ok
[INFO] [stdout] test utils::tests::remove_lf ... ok
[INFO] [stdout] test cli::tests::from_str_rate_if_out_of_range ... ok
[INFO] [stdout] test cli::tests::verify_app ... ok
[INFO] [stdout] test utils::tests::remove_cr ... ok
[INFO] [stdout] test cli::tests::from_str_byte_with_nan ... ok
[INFO] [stdout] test cli::tests::from_str_time_with_invalid_time ... ok
[INFO] [stdout] test cli::tests::from_str_byte_if_out_of_range ... ok
[INFO] [stdout] test cli::tests::from_str_byte_with_invalid_unit ... ok
[INFO] [stdout] test cli::tests::from_str_rate_with_invalid_fraction ... ok
[INFO] [stdout] 
[INFO] [stdout] test result: ok. 18 passed; 0 failed; 0 ignored; 0 measured; 0 filtered out; finished in 0.02s
[INFO] [stdout] 
[INFO] [stderr]      Running tests/integration.rs (/opt/rustwide/target/debug/deps/integration-820606134d3befd5)
[INFO] [stdout] 
[INFO] [stdout] running 29 tests
[INFO] [stdout] test after_long_help_for_encrypt_command ... ok
[INFO] [stdout] test information_as_json ... ok
[INFO] [stdout] test after_long_help_for_decrypt_command ... ok
[INFO] [stdout] test after_long_help ... ok
[INFO] [stdout] test after_long_help_for_information_command ... ok
[INFO] [stdout] test basic_information ... ok
[INFO] [stdout] test long_version ... ok
[INFO] [stdout] test invalid_amount_of_ram_for_decrypt_command ... ok
[INFO] [stdout] test generate_completion_conflicts_with_subcommands ... ok
[INFO] [stdout] test invalid_amount_of_ram_for_encrypt_command ... ok
[INFO] [stdout] test long_version_for_encrypt_command ... ok
[INFO] [stdout] test long_version_for_information_command ... ok
[INFO] [stdout] test invalid_fraction_of_the_available_ram_for_decrypt_command ... ok
[INFO] [stdout] test long_version_for_decrypt_command ... ok
[INFO] [stdout] test invalid_time_for_encrypt_command ... ok
[INFO] [stdout] test invalid_time_for_decrypt_command ... ok
[INFO] [stdout] test invalid_fraction_of_the_available_ram_for_encrypt_command ... ok
[INFO] [stdout] test validate_parameters_group_for_encrypt_command ... ok
[INFO] [stdout] test validate_conflicts_if_reading_from_stdin_for_encrypt_command ... FAILED
[INFO] [stdout] test validate_conflicts_if_reading_from_stdin_for_decrypt_command ... FAILED
[INFO] [stdout] test validate_work_parameter_ranges_for_encrypt_command ... ok
[INFO] [stdout] test encrypt_verbose ... ok
[INFO] [stdout] test decrypt_verbose ... ok
[INFO] [stdout] test basic_decrypt ... ok
[INFO] [stdout] test decrypt_with_max_time ... ok
[INFO] [stdout] test basic_encrypt ... ok
[INFO] [stdout] test encrypt_with_max_time ... ok
[INFO] [stdout] test decrypt_with_max_memory ... ok
[INFO] [stdout] test encrypt_with_max_memory ... ok
[INFO] [stdout] 
[INFO] [stdout] failures:
[INFO] [stdout] 
[INFO] [stdout] ---- validate_conflicts_if_reading_from_stdin_for_encrypt_command stdout ----
[INFO] [stdout] thread 'validate_conflicts_if_reading_from_stdin_for_encrypt_command' panicked at /rustc/9c1665de5d324fe858dc15371578d6f928bfc123/library/core/src/ops/function.rs:250:5:
[INFO] [stdout] Unexpected stderr, failed var.ends_with("cannot read both passphrase and input data from stdin\n")
[INFO] [stdout] ├── var: Error: cannot read both passphrase and input data from stdin
[INFO] [stdout] │   
[INFO] [stdout] │   Stack backtrace:
[INFO] [stdout] │      0: anyhow::error::<impl anyhow::Error>::msg
[INFO] [stdout] │                at /opt/rustwide/cargo-home/registry/src/index.crates.io-6f17d22bba15001f/anyhow-1.0.76/src/error.rs:83:36
[INFO] [stdout] │      1: anyhow::__private::format_err
[INFO] [stdout] │                at /opt/rustwide/cargo-home/registry/src/index.crates.io-6f17d22bba15001f/anyhow-1.0.76/src/lib.rs:681:13
[INFO] [stdout] │      2: rscrypt::app::ensure_stdin_does_not_conflict
[INFO] [stdout] │                at /opt/rustwide/workdir/src/app.rs:19:9
[INFO] [stdout] │      3: rscrypt::app::run
[INFO] [stdout] │                at /opt/rustwide/workdir/src/app.rs:47:25
[INFO] [stdout] │      4: rscrypt::main
[INFO] [stdout] │                at /opt/rustwide/workdir/src/main.rs:86:11
[INFO] [stdout] │      5: core::ops::function::FnOnce::call_once
[INFO] [stdout] │                at /rustc/9c1665de5d324fe858dc15371578d6f928bfc123/library/core/src/ops/function.rs:250:5
[INFO] [stdout] │      6: std::sys_common::backtrace::__rust_begin_short_backtrace
[INFO] [stdout] │                at /rustc/9c1665de5d324fe858dc15371578d6f928bfc123/library/std/src/sys_common/backtrace.rs:155:18
[INFO] [stdout] │      7: std::rt::lang_start::{{closure}}
[INFO] [stdout] │                at /rustc/9c1665de5d324fe858dc15371578d6f928bfc123/library/std/src/rt.rs:166:18
[INFO] [stdout] │      8: core::ops::function::impls::<impl core::ops::function::FnOnce<A> for &F>::call_once
[INFO] [stdout] │                at /rustc/9c1665de5d324fe858dc15371578d6f928bfc123/library/core/src/ops/function.rs:284:13
[INFO] [stdout] │      9: std::panicking::try::do_call
[INFO] [stdout] │                at /rustc/9c1665de5d324fe858dc15371578d6f928bfc123/library/std/src/panicking.rs:552:40
[INFO] [stdout] │     10: std::panicking::try
[INFO] [stdout] │                at /rustc/9c1665de5d324fe858dc15371578d6f928bfc123/library/std/src/panicking.rs:516:19
[INFO] [stdout] │     11: std::panic::catch_unwind
[INFO] [stdout] │                at /rustc/9c1665de5d324fe858dc15371578d6f928bfc123/library/std/src/panic.rs:142:14
[INFO] [stdout] │     12: std::rt::lang_start_internal::{{closure}}
[INFO] [stdout] │                at /rustc/9c1665de5d324fe858dc15371578d6f928bfc123/library/std/src/rt.rs:148:48
[INFO] [stdout] │     13: std::panicking::try::do_call
[INFO] [stdout] │                at /rustc/9c1665de5d324fe858dc15371578d6f928bfc123/library/std/src/panicking.rs:552:40
[INFO] [stdout] │     14: std::panicking::try
[INFO] [stdout] │                at /rustc/9c1665de5d324fe858dc15371578d6f928bfc123/library/std/src/panicking.rs:516:19
[INFO] [stdout] │     15: std::panic::catch_unwind
[INFO] [stdout] │                at /rustc/9c1665de5d324fe858dc15371578d6f928bfc123/library/std/src/panic.rs:142:14
[INFO] [stdout] │     16: std::rt::lang_start_internal
[INFO] [stdout] │                at /rustc/9c1665de5d324fe858dc15371578d6f928bfc123/library/std/src/rt.rs:148:20
[INFO] [stdout] │     17: std::rt::lang_start
[INFO] [stdout] │                at /rustc/9c1665de5d324fe858dc15371578d6f928bfc123/library/std/src/rt.rs:165:17
[INFO] [stdout] │     18: main
[INFO] [stdout] │     19: <unknown>
[INFO] [stdout] │     20: __libc_start_main
[INFO] [stdout] │     21: _start
[INFO] [stdout] └── var as str: Error: cannot read both passphrase and input data from stdin
[INFO] [stdout]     
[INFO] [stdout]     Stack backtrace:
[INFO] [stdout]        0: anyhow::error::<impl anyhow::Error>::msg
[INFO] [stdout]                  at /opt/rustwide/cargo-home/registry/src/index.crates.io-6f17d22bba15001f/anyhow-1.0.76/src/error.rs:83:36
[INFO] [stdout]        1: anyhow::__private::format_err
[INFO] [stdout]                  at /opt/rustwide/cargo-home/registry/src/index.crates.io-6f17d22bba15001f/anyhow-1.0.76/src/lib.rs:681:13
[INFO] [stdout]        2: rscrypt::app::ensure_stdin_does_not_conflict
[INFO] [stdout]                  at /opt/rustwide/workdir/src/app.rs:19:9
[INFO] [stdout]        3: rscrypt::app::run
[INFO] [stdout]                  at /opt/rustwide/workdir/src/app.rs:47:25
[INFO] [stdout]        4: rscrypt::main
[INFO] [stdout]                  at /opt/rustwide/workdir/src/main.rs:86:11
[INFO] [stdout]        5: core::ops::function::FnOnce::call_once
[INFO] [stdout]                  at /rustc/9c1665de5d324fe858dc15371578d6f928bfc123/library/core/src/ops/function.rs:250:5
[INFO] [stdout]        6: std::sys_common::backtrace::__rust_begin_short_backtrace
[INFO] [stdout]                  at /rustc/9c1665de5d324fe858dc15371578d6f928bfc123/library/std/src/sys_common/backtrace.rs:155:18
[INFO] [stdout]        7: std::rt::lang_start::{{closure}}
[INFO] [stdout]                  at /rustc/9c1665de5d324fe858dc15371578d6f928bfc123/library/std/src/rt.rs:166:18
[INFO] [stdout]        8: core::ops::function::impls::<impl core::ops::function::FnOnce<A> for &F>::call_once
[INFO] [stdout]                  at /rustc/9c1665de5d324fe858dc15371578d6f928bfc123/library/core/src/ops/function.rs:284:13
[INFO] [stdout]        9: std::panicking::try::do_call
[INFO] [stdout]                  at /rustc/9c1665de5d324fe858dc15371578d6f928bfc123/library/std/src/panicking.rs:552:40
[INFO] [stdout]       10: std::panicking::try
[INFO] [stdout]                  at /rustc/9c1665de5d324fe858dc15371578d6f928bfc123/library/std/src/panicking.rs:516:19
[INFO] [stdout]       11: std::panic::catch_unwind
[INFO] [stdout]                  at /rustc/9c1665de5d324fe858dc15371578d6f928bfc123/library/std/src/panic.rs:142:14
[INFO] [stdout]       12: std::rt::lang_start_internal::{{closure}}
[INFO] [stdout]                  at /rustc/9c1665de5d324fe858dc15371578d6f928bfc123/library/std/src/rt.rs:148:48
[INFO] [stdout]       13: std::panicking::try::do_call
[INFO] [stdout]                  at /rustc/9c1665de5d324fe858dc15371578d6f928bfc123/library/std/src/panicking.rs:552:40
[INFO] [stdout]       14: std::panicking::try
[INFO] [stdout]                  at /rustc/9c1665de5d324fe858dc15371578d6f928bfc123/library/std/src/panicking.rs:516:19
[INFO] [stdout]       15: std::panic::catch_unwind
[INFO] [stdout]                  at /rustc/9c1665de5d324fe858dc15371578d6f928bfc123/library/std/src/panic.rs:142:14
[INFO] [stdout]       16: std::rt::lang_start_internal
[INFO] [stdout]                  at /rustc/9c1665de5d324fe858dc15371578d6f928bfc123/library/std/src/rt.rs:148:20
[INFO] [stdout]       17: std::rt::lang_start
[INFO] [stdout]                  at /rustc/9c1665de5d324fe858dc15371578d6f928bfc123/library/std/src/rt.rs:165:17
[INFO] [stdout]       18: main
[INFO] [stdout]       19: <unknown>
[INFO] [stdout]       20: __libc_start_main
[INFO] [stdout]       21: _start
[INFO] [stdout] 
[INFO] [stdout] command=`cd "tests" && "/opt/rustwide/target/debug/rscrypt" "enc" "--log-n" "10" "-r" "8" "-p" "1" "--passphrase-from-stdin" "-"`
[INFO] [stdout] stdin=`"passphrase"`
[INFO] [stdout] code=1
[INFO] [stdout] stdout=""
[INFO] [stdout] stderr=```
[INFO] [stdout] Error: cannot read both passphrase and input data from stdin
[INFO] [stdout] 
[INFO] [stdout] Stack backtrace:
[INFO] [stdout]    0: anyhow::error::<impl anyhow::Error>::msg
[INFO] [stdout]              at /opt/rustwide/cargo-home/registry/src/index.crates.io-6f17d22bba15001f/anyhow-1.0.76/src/error.rs:83:36
[INFO] [stdout]    1: anyhow::__private::format_err
[INFO] [stdout]              at /opt/rustwide/cargo-home/registry/src/index.crates.io-6f17d22bba15001f/anyhow-1.0.76/src/lib.rs:681:13
[INFO] [stdout]    2: rscrypt::app::ensure_stdin_does_not_conflict
[INFO] [stdout]              at /opt/rustwide/workdir/src/app.rs:19:9
[INFO] [stdout]    3: rscrypt::app::run
[INFO] [stdout]              at /opt/rustwide/workdir/src/app.rs:47:25
[INFO] [stdout]    4: rscrypt::main
[INFO] [stdout]              at /opt/rustwide/workdir/src/main.rs:86:11
[INFO] [stdout]    5: core::ops::function::FnOnce::call_once
[INFO] [stdout]              at /rustc/9c1665de5d324fe858dc15371578d6f928bfc123/library/core/src/ops/function.rs:250:5
[INFO] [stdout]    6: std::sys_common::backtrace::__rust_begin_short_backtrace
[INFO] [stdout]              at /rustc/9c1665de5d324fe858dc15371578d6f928bfc123/library/std/src/sys_common/backtrace.rs:155:18
[INFO] [stdout]    7: std::rt::lang_start::{{closure}}
[INFO] [stdout]              at /rustc/9c1665de5d324fe858dc15371578d6f928bfc123/library/std/src/rt.rs:166:18
[INFO] [stdout]    8: core::ops::function::impls::<impl core::ops::function::FnOnce<A> for &F>::call_once
[INFO] [stdout]              at /rustc/9c1665de5d324fe858dc15371578d6f928bfc123/library/core/src/ops/function.rs:284:13
[INFO] [stdout]    9: std::panicking::try::do_call
[INFO] [stdout]              at /rustc/9c1665de5d324fe858dc15371578d6f928bfc123/library/std/src/panicking.rs:552:40
[INFO] [stdout]   10: std::panicking::try
[INFO] [stdout]              at /rustc/9c1665de5d324fe858dc15371578d6f928bfc123/library/std/src/panicking.rs:516:19
[INFO] [stdout]   11: std::panic::catch_unwind
[INFO] [stdout]              at /rustc/9c1665de5d324fe858dc15371578d6f928bfc123/library/std/src/panic.rs:142:14
[INFO] [stdout]   12: std::rt::lang_start_internal::{{closure}}
[INFO] [stdout]              at /rustc/9c1665de5d324fe858dc15371578d6f928bfc123/library/std/src/rt.rs:148:48
[INFO] [stdout]   13: std::panicking::try::do_call
[INFO] [stdout]              at /rustc/9c1665de5d324fe858dc15371578d6f928bfc123/library/std/src/panicking.rs:552:40
[INFO] [stdout]   14: std::panicking::try
[INFO] [stdout]              at /rustc/9c1665de5d324fe858dc15371578d6f928bfc123/library/std/src/panicking.rs:516:19
[INFO] [stdout]   15: std::panic::catch_unwind
[INFO] [stdout]              at /rustc/9c1665de5d324fe858dc15371578d6f928bfc123/library/std/src/panic.rs:142:14
[INFO] [stdout]   16: std::rt::lang_start_internal
[INFO] [stdout]              at /rustc/9c1665de5d324fe858dc15371578d6f928bfc123/library/std/src/rt.rs:148:20
[INFO] [stdout]   17: std::rt::lang_start
[INFO] [stdout]              at /rustc/9c1665de5d324fe858dc15371578d6f928bfc123/library/std/src/rt.rs:165:17
[INFO] [stdout]   18: main
[INFO] [stdout]   19: <unknown>
[INFO] [stdout]   20: __libc_start_main
[INFO] [stdout]   21: _start
[INFO] [stdout] ```
[INFO] [stdout] 
[INFO] [stdout] 
[INFO] [stdout] stack backtrace:
[INFO] [stdout]    0:     0x55db02283c36 - std::backtrace_rs::backtrace::libunwind::trace::h91c8d54ed99a4c55
[INFO] [stdout]                                at /rustc/9c1665de5d324fe858dc15371578d6f928bfc123/library/std/src/../../backtrace/src/backtrace/libunwind.rs:104:5
[INFO] [stdout]    1:     0x55db02283c36 - std::backtrace_rs::backtrace::trace_unsynchronized::h715a9230a8fcfb93
[INFO] [stdout]                                at /rustc/9c1665de5d324fe858dc15371578d6f928bfc123/library/std/src/../../backtrace/src/backtrace/mod.rs:66:5
[INFO] [stdout]    2:     0x55db02283c36 - std::sys_common::backtrace::_print_fmt::hbab9610f7b3c51a4
[INFO] [stdout]                                at /rustc/9c1665de5d324fe858dc15371578d6f928bfc123/library/std/src/sys_common/backtrace.rs:68:5
[INFO] [stdout]    3:     0x55db02283c36 - <std::sys_common::backtrace::_print::DisplayBacktrace as core::fmt::Display>::fmt::h56c55e88977fc622
[INFO] [stdout]                                at /rustc/9c1665de5d324fe858dc15371578d6f928bfc123/library/std/src/sys_common/backtrace.rs:44:22
[INFO] [stdout]    4:     0x55db022adb70 - core::fmt::rt::Argument::fmt::heebe33f1e8c6d0f8
[INFO] [stdout]                                at /rustc/9c1665de5d324fe858dc15371578d6f928bfc123/library/core/src/fmt/rt.rs:142:9
[INFO] [stdout]    5:     0x55db022adb70 - core::fmt::write::h73e5b8b14759e609
[INFO] [stdout]                                at /rustc/9c1665de5d324fe858dc15371578d6f928bfc123/library/core/src/fmt/mod.rs:1120:17
[INFO] [stdout]    6:     0x55db02280fbf - std::io::Write::write_fmt::hc6810e91f58091ef
[INFO] [stdout]                                at /rustc/9c1665de5d324fe858dc15371578d6f928bfc123/library/std/src/io/mod.rs:1810:15
[INFO] [stdout]    7:     0x55db02283a14 - std::sys_common::backtrace::_print::h835c23092b2371d8
[INFO] [stdout]                                at /rustc/9c1665de5d324fe858dc15371578d6f928bfc123/library/std/src/sys_common/backtrace.rs:47:5
[INFO] [stdout]    8:     0x55db02283a14 - std::sys_common::backtrace::print::h220bc735ac93468b
[INFO] [stdout]                                at /rustc/9c1665de5d324fe858dc15371578d6f928bfc123/library/std/src/sys_common/backtrace.rs:34:9
[INFO] [stdout]    9:     0x55db02285807 - std::panicking::default_hook::{{closure}}::h13e5c81c71823f66
[INFO] [stdout]   10:     0x55db022854ed - std::panicking::default_hook::h49decadd8f3385a7
[INFO] [stdout]                                at /rustc/9c1665de5d324fe858dc15371578d6f928bfc123/library/std/src/panicking.rs:289:9
[INFO] [stdout]   11:     0x55db022007c7 - <alloc::boxed::Box<F,A> as core::ops::function::Fn<Args>>::call::h948fb53b8b08f768
[INFO] [stdout]                                at /rustc/9c1665de5d324fe858dc15371578d6f928bfc123/library/alloc/src/boxed.rs:2029:9
[INFO] [stdout]   12:     0x55db022007c7 - test::test_main::{{closure}}::hb4f3e5071c7080f1
[INFO] [stdout]                                at /rustc/9c1665de5d324fe858dc15371578d6f928bfc123/library/test/src/lib.rs:138:21
[INFO] [stdout]   13:     0x55db02285e26 - <alloc::boxed::Box<F,A> as core::ops::function::Fn<Args>>::call::hcd5802f61674126e
[INFO] [stdout]                                at /rustc/9c1665de5d324fe858dc15371578d6f928bfc123/library/alloc/src/boxed.rs:2029:9
[INFO] [stdout]   14:     0x55db02285e26 - std::panicking::rust_panic_with_hook::hd27f6b49984c37db
[INFO] [stdout]                                at /rustc/9c1665de5d324fe858dc15371578d6f928bfc123/library/std/src/panicking.rs:783:13
[INFO] [stdout]   15:     0x55db02285b72 - std::panicking::begin_panic_handler::{{closure}}::h3cbc731df9d96e4d
[INFO] [stdout]                                at /rustc/9c1665de5d324fe858dc15371578d6f928bfc123/library/std/src/panicking.rs:657:13
[INFO] [stdout]   16:     0x55db02284136 - std::sys_common::backtrace::__rust_end_short_backtrace::hc27809f103d211f0
[INFO] [stdout]                                at /rustc/9c1665de5d324fe858dc15371578d6f928bfc123/library/std/src/sys_common/backtrace.rs:171:18
[INFO] [stdout]   17:     0x55db022858d0 - rust_begin_unwind
[INFO] [stdout]                                at /rustc/9c1665de5d324fe858dc15371578d6f928bfc123/library/std/src/panicking.rs:645:5
[INFO] [stdout]   18:     0x55db021bd125 - core::panicking::panic_fmt::ha729e53058547cad
[INFO] [stdout]                                at /rustc/9c1665de5d324fe858dc15371578d6f928bfc123/library/core/src/panicking.rs:72:14
[INFO] [stdout]   19:     0x55db0220c13f - core::panicking::panic_display::h5e6e234801fe9897
[INFO] [stdout]                                at /rustc/9c1665de5d324fe858dc15371578d6f928bfc123/library/core/src/panicking.rs:196:5
[INFO] [stdout]   20:     0x55db022160ce - assert_cmd::assert::AssertError::panic::panic_cold_display::hba75c072c1105fdd
[INFO] [stdout]                                at /rustc/9c1665de5d324fe858dc15371578d6f928bfc123/library/core/src/panic.rs:99:13
[INFO] [stdout]   21:     0x55db02215a47 - assert_cmd::assert::AssertError::panic::hb662900aada7f026
[INFO] [stdout]                                at /opt/rustwide/cargo-home/registry/src/index.crates.io-6f17d22bba15001f/assert_cmd-2.0.12/src/assert.rs:1033:9
[INFO] [stdout]   22:     0x55db02216ed7 - core::ops::function::FnOnce::call_once::h0102e9c3f9af3364
[INFO] [stdout]                                at /rustc/9c1665de5d324fe858dc15371578d6f928bfc123/library/core/src/ops/function.rs:250:5
[INFO] [stdout]   23:     0x55db022124c0 - core::result::Result<T,E>::unwrap_or_else::hb8a088b2589a10ce
[INFO] [stdout]                                at /rustc/9c1665de5d324fe858dc15371578d6f928bfc123/library/core/src/result.rs:1426:23
[INFO] [stdout]   24:     0x55db021be6a5 - assert_cmd::assert::Assert::stderr::hd15abd928248d352
[INFO] [stdout]                                at /opt/rustwide/cargo-home/registry/src/index.crates.io-6f17d22bba15001f/assert_cmd-2.0.12/src/assert.rs:460:9
[INFO] [stdout]   25:     0x55db021c8786 - integration::validate_conflicts_if_reading_from_stdin_for_encrypt_command::h9de7e014ca7075fb
[INFO] [stdout]                                at /opt/rustwide/workdir/tests/integration.rs:442:5
[INFO] [stdout]   26:     0x55db021c8557 - integration::validate_conflicts_if_reading_from_stdin_for_encrypt_command::{{closure}}::h2b35f4d8b70ee6e0
[INFO] [stdout]                                at /opt/rustwide/workdir/tests/integration.rs:441:66
[INFO] [stdout]   27:     0x55db021c1536 - core::ops::function::FnOnce::call_once::ha6abd01695b5f3fa
[INFO] [stdout]                                at /rustc/9c1665de5d324fe858dc15371578d6f928bfc123/library/core/src/ops/function.rs:250:5
[INFO] [stdout]   28:     0x55db0220609f - core::ops::function::FnOnce::call_once::hc0fe9d49e29a8147
[INFO] [stdout]                                at /rustc/9c1665de5d324fe858dc15371578d6f928bfc123/library/core/src/ops/function.rs:250:5
[INFO] [stdout]   29:     0x55db0220609f - test::__rust_begin_short_backtrace::haa61ceb70470fb3e
[INFO] [stdout]                                at /rustc/9c1665de5d324fe858dc15371578d6f928bfc123/library/test/src/lib.rs:627:18
[INFO] [stdout]   30:     0x55db02204e21 - test::run_test_in_process::{{closure}}::h8585fae9636dddb2
[INFO] [stdout]                                at /rustc/9c1665de5d324fe858dc15371578d6f928bfc123/library/test/src/lib.rs:650:60
[INFO] [stdout]   31:     0x55db02204e21 - <core::panic::unwind_safe::AssertUnwindSafe<F> as core::ops::function::FnOnce<()>>::call_once::hb7a42bf7326d90ad
[INFO] [stdout]                                at /rustc/9c1665de5d324fe858dc15371578d6f928bfc123/library/core/src/panic/unwind_safe.rs:272:9
[INFO] [stdout]   32:     0x55db02204e21 - std::panicking::try::do_call::h9063f39381e190d5
[INFO] [stdout]                                at /rustc/9c1665de5d324fe858dc15371578d6f928bfc123/library/std/src/panicking.rs:552:40
[INFO] [stdout]   33:     0x55db02204e21 - std::panicking::try::h1e696c55679552ba
[INFO] [stdout]                                at /rustc/9c1665de5d324fe858dc15371578d6f928bfc123/library/std/src/panicking.rs:516:19
[INFO] [stdout]   34:     0x55db02204e21 - std::panic::catch_unwind::ha638c57cde7bcebd
[INFO] [stdout]                                at /rustc/9c1665de5d324fe858dc15371578d6f928bfc123/library/std/src/panic.rs:142:14
[INFO] [stdout]   35:     0x55db02204e21 - test::run_test_in_process::h87d13783dd3d2492
[INFO] [stdout]                                at /rustc/9c1665de5d324fe858dc15371578d6f928bfc123/library/test/src/lib.rs:650:27
[INFO] [stdout]   36:     0x55db02204e21 - test::run_test::{{closure}}::hbfb7402b4584e0f1
[INFO] [stdout]                                at /rustc/9c1665de5d324fe858dc15371578d6f928bfc123/library/test/src/lib.rs:573:43
[INFO] [stdout]   37:     0x55db021cc2c6 - test::run_test::{{closure}}::h6b5a8e7824747db3
[INFO] [stdout]                                at /rustc/9c1665de5d324fe858dc15371578d6f928bfc123/library/test/src/lib.rs:601:41
[INFO] [stdout]   38:     0x55db021cc2c6 - std::sys_common::backtrace::__rust_begin_short_backtrace::hd4768720b288897d
[INFO] [stdout]                                at /rustc/9c1665de5d324fe858dc15371578d6f928bfc123/library/std/src/sys_common/backtrace.rs:155:18
[INFO] [stdout]   39:     0x55db021d1327 - std::thread::Builder::spawn_unchecked_::{{closure}}::{{closure}}::ha03eb79d3e2ff5a3
[INFO] [stdout]                                at /rustc/9c1665de5d324fe858dc15371578d6f928bfc123/library/std/src/thread/mod.rs:529:17
[INFO] [stdout]   40:     0x55db021d1327 - <core::panic::unwind_safe::AssertUnwindSafe<F> as core::ops::function::FnOnce<()>>::call_once::hec8051eee7bc5c29
[INFO] [stdout]                                at /rustc/9c1665de5d324fe858dc15371578d6f928bfc123/library/core/src/panic/unwind_safe.rs:272:9
[INFO] [stdout]   41:     0x55db021d1327 - std::panicking::try::do_call::ha639d9c4a070100b
[INFO] [stdout]                                at /rustc/9c1665de5d324fe858dc15371578d6f928bfc123/library/std/src/panicking.rs:552:40
[INFO] [stdout]   42:     0x55db021d1327 - std::panicking::try::ha45df3d3f6ed1370
[INFO] [stdout]                                at /rustc/9c1665de5d324fe858dc15371578d6f928bfc123/library/std/src/panicking.rs:516:19
[INFO] [stdout]   43:     0x55db021d1327 - std::panic::catch_unwind::hac44f4c50a87c82d
[INFO] [stdout]                                at /rustc/9c1665de5d324fe858dc15371578d6f928bfc123/library/std/src/panic.rs:142:14
[INFO] [stdout]   44:     0x55db021d1327 - std::thread::Builder::spawn_unchecked_::{{closure}}::hfecb7080eaed2a35
[INFO] [stdout]                                at /rustc/9c1665de5d324fe858dc15371578d6f928bfc123/library/std/src/thread/mod.rs:528:30
[INFO] [stdout]   45:     0x55db021d1327 - core::ops::function::FnOnce::call_once{{vtable.shim}}::h4739d9410aed0b36
[INFO] [stdout]                                at /rustc/9c1665de5d324fe858dc15371578d6f928bfc123/library/core/src/ops/function.rs:250:5
[INFO] [stdout]   46:     0x55db0228b305 - <alloc::boxed::Box<F,A> as core::ops::function::FnOnce<Args>>::call_once::hf07182c172025753
[INFO] [stdout]                                at /rustc/9c1665de5d324fe858dc15371578d6f928bfc123/library/alloc/src/boxed.rs:2015:9
[INFO] [stdout]   47:     0x55db0228b305 - <alloc::boxed::Box<F,A> as core::ops::function::FnOnce<Args>>::call_once::hffcc280980d6bb6c
[INFO] [stdout]                                at /rustc/9c1665de5d324fe858dc15371578d6f928bfc123/library/alloc/src/boxed.rs:2015:9
[INFO] [stdout]   48:     0x55db0228b305 - std::sys::unix::thread::Thread::new::thread_start::h35e8c1dabb0282bb
[INFO] [stdout]                                at /rustc/9c1665de5d324fe858dc15371578d6f928bfc123/library/std/src/sys/unix/thread.rs:108:17
[INFO] [stdout]   49:     0x7ff8b42fbac3 - <unknown>
[INFO] [stdout]   50:     0x7ff8b438cbf4 - __clone
[INFO] [stdout]   51:                0x0 - <unknown>
[INFO] [stdout] 
[INFO] [stdout] ---- validate_conflicts_if_reading_from_stdin_for_decrypt_command stdout ----
[INFO] [stdout] thread 'validate_conflicts_if_reading_from_stdin_for_decrypt_command' panicked at /rustc/9c1665de5d324fe858dc15371578d6f928bfc123/library/core/src/ops/function.rs:250:5:
[INFO] [stdout] Unexpected stderr, failed var.ends_with("cannot read both passphrase and input data from stdin\n")
[INFO] [stdout] ├── var: Error: cannot read both passphrase and input data from stdin
[INFO] [stdout] │   
[INFO] [stdout] │   Stack backtrace:
[INFO] [stdout] │      0: anyhow::error::<impl anyhow::Error>::msg
[INFO] [stdout] │                at /opt/rustwide/cargo-home/registry/src/index.crates.io-6f17d22bba15001f/anyhow-1.0.76/src/error.rs:83:36
[INFO] [stdout] │      1: anyhow::__private::format_err
[INFO] [stdout] │                at /opt/rustwide/cargo-home/registry/src/index.crates.io-6f17d22bba15001f/anyhow-1.0.76/src/lib.rs:681:13
[INFO] [stdout] │      2: rscrypt::app::ensure_stdin_does_not_conflict
[INFO] [stdout] │                at /opt/rustwide/workdir/src/app.rs:19:9
[INFO] [stdout] │      3: rscrypt::app::run
[INFO] [stdout] │                at /opt/rustwide/workdir/src/app.rs:107:25
[INFO] [stdout] │      4: rscrypt::main
[INFO] [stdout] │                at /opt/rustwide/workdir/src/main.rs:86:11
[INFO] [stdout] │      5: core::ops::function::FnOnce::call_once
[INFO] [stdout] │                at /rustc/9c1665de5d324fe858dc15371578d6f928bfc123/library/core/src/ops/function.rs:250:5
[INFO] [stdout] │      6: std::sys_common::backtrace::__rust_begin_short_backtrace
[INFO] [stdout] │                at /rustc/9c1665de5d324fe858dc15371578d6f928bfc123/library/std/src/sys_common/backtrace.rs:155:18
[INFO] [stdout] │      7: std::rt::lang_start::{{closure}}
[INFO] [stdout] │                at /rustc/9c1665de5d324fe858dc15371578d6f928bfc123/library/std/src/rt.rs:166:18
[INFO] [stdout] │      8: core::ops::function::impls::<impl core::ops::function::FnOnce<A> for &F>::call_once
[INFO] [stdout] │                at /rustc/9c1665de5d324fe858dc15371578d6f928bfc123/library/core/src/ops/function.rs:284:13
[INFO] [stdout] │      9: std::panicking::try::do_call
[INFO] [stdout] │                at /rustc/9c1665de5d324fe858dc15371578d6f928bfc123/library/std/src/panicking.rs:552:40
[INFO] [stdout] │     10: std::panicking::try
[INFO] [stdout] │                at /rustc/9c1665de5d324fe858dc15371578d6f928bfc123/library/std/src/panicking.rs:516:19
[INFO] [stdout] │     11: std::panic::catch_unwind
[INFO] [stdout] │                at /rustc/9c1665de5d324fe858dc15371578d6f928bfc123/library/std/src/panic.rs:142:14
[INFO] [stdout] │     12: std::rt::lang_start_internal::{{closure}}
[INFO] [stdout] │                at /rustc/9c1665de5d324fe858dc15371578d6f928bfc123/library/std/src/rt.rs:148:48
[INFO] [stdout] │     13: std::panicking::try::do_call
[INFO] [stdout] │                at /rustc/9c1665de5d324fe858dc15371578d6f928bfc123/library/std/src/panicking.rs:552:40
[INFO] [stdout] │     14: std::panicking::try
[INFO] [stdout] │                at /rustc/9c1665de5d324fe858dc15371578d6f928bfc123/library/std/src/panicking.rs:516:19
[INFO] [stdout] │     15: std::panic::catch_unwind
[INFO] [stdout] │                at /rustc/9c1665de5d324fe858dc15371578d6f928bfc123/library/std/src/panic.rs:142:14
[INFO] [stdout] │     16: std::rt::lang_start_internal
[INFO] [stdout] │                at /rustc/9c1665de5d324fe858dc15371578d6f928bfc123/library/std/src/rt.rs:148:20
[INFO] [stdout] │     17: std::rt::lang_start
[INFO] [stdout] │                at /rustc/9c1665de5d324fe858dc15371578d6f928bfc123/library/std/src/rt.rs:165:17
[INFO] [stdout] │     18: main
[INFO] [stdout] │     19: <unknown>
[INFO] [stdout] │     20: __libc_start_main
[INFO] [stdout] │     21: _start
[INFO] [stdout] └── var as str: Error: cannot read both passphrase and input data from stdin
[INFO] [stdout]     
[INFO] [stdout]     Stack backtrace:
[INFO] [stdout]        0: anyhow::error::<impl anyhow::Error>::msg
[INFO] [stdout]                  at /opt/rustwide/cargo-home/registry/src/index.crates.io-6f17d22bba15001f/anyhow-1.0.76/src/error.rs:83:36
[INFO] [stdout]        1: anyhow::__private::format_err
[INFO] [stdout]                  at /opt/rustwide/cargo-home/registry/src/index.crates.io-6f17d22bba15001f/anyhow-1.0.76/src/lib.rs:681:13
[INFO] [stdout]        2: rscrypt::app::ensure_stdin_does_not_conflict
[INFO] [stdout]                  at /opt/rustwide/workdir/src/app.rs:19:9
[INFO] [stdout]        3: rscrypt::app::run
[INFO] [stdout]                  at /opt/rustwide/workdir/src/app.rs:107:25
[INFO] [stdout]        4: rscrypt::main
[INFO] [stdout]                  at /opt/rustwide/workdir/src/main.rs:86:11
[INFO] [stdout]        5: core::ops::function::FnOnce::call_once
[INFO] [stdout]                  at /rustc/9c1665de5d324fe858dc15371578d6f928bfc123/library/core/src/ops/function.rs:250:5
[INFO] [stdout]        6: std::sys_common::backtrace::__rust_begin_short_backtrace
[INFO] [stdout]                  at /rustc/9c1665de5d324fe858dc15371578d6f928bfc123/library/std/src/sys_common/backtrace.rs:155:18
[INFO] [stdout]        7: std::rt::lang_start::{{closure}}
[INFO] [stdout]                  at /rustc/9c1665de5d324fe858dc15371578d6f928bfc123/library/std/src/rt.rs:166:18
[INFO] [stdout]        8: core::ops::function::impls::<impl core::ops::function::FnOnce<A> for &F>::call_once
[INFO] [stdout]                  at /rustc/9c1665de5d324fe858dc15371578d6f928bfc123/library/core/src/ops/function.rs:284:13
[INFO] [stdout]        9: std::panicking::try::do_call
[INFO] [stdout]                  at /rustc/9c1665de5d324fe858dc15371578d6f928bfc123/library/std/src/panicking.rs:552:40
[INFO] [stdout]       10: std::panicking::try
[INFO] [stdout]                  at /rustc/9c1665de5d324fe858dc15371578d6f928bfc123/library/std/src/panicking.rs:516:19
[INFO] [stdout]       11: std::panic::catch_unwind
[INFO] [stdout]                  at /rustc/9c1665de5d324fe858dc15371578d6f928bfc123/library/std/src/panic.rs:142:14
[INFO] [stdout]       12: std::rt::lang_start_internal::{{closure}}
[INFO] [stdout]                  at /rustc/9c1665de5d324fe858dc15371578d6f928bfc123/library/std/src/rt.rs:148:48
[INFO] [stdout]       13: std::panicking::try::do_call
[INFO] [stdout]                  at /rustc/9c1665de5d324fe858dc15371578d6f928bfc123/library/std/src/panicking.rs:552:40
[INFO] [stdout]       14: std::panicking::try
[INFO] [stdout]                  at /rustc/9c1665de5d324fe858dc15371578d6f928bfc123/library/std/src/panicking.rs:516:19
[INFO] [stdout]       15: std::panic::catch_unwind
[INFO] [stdout]                  at /rustc/9c1665de5d324fe858dc15371578d6f928bfc123/library/std/src/panic.rs:142:14
[INFO] [stdout]       16: std::rt::lang_start_internal
[INFO] [stdout]                  at /rustc/9c1665de5d324fe858dc15371578d6f928bfc123/library/std/src/rt.rs:148:20
[INFO] [stdout]       17: std::rt::lang_start
[INFO] [stdout]                  at /rustc/9c1665de5d324fe858dc15371578d6f928bfc123/library/std/src/rt.rs:165:17
[INFO] [stdout]       18: main
[INFO] [stdout]       19: <unknown>
[INFO] [stdout]       20: __libc_start_main
[INFO] [stdout]       21: _start
[INFO] [stdout] 
[INFO] [stdout] command=`cd "tests" && "/opt/rustwide/target/debug/rscrypt" "dec" "--passphrase-from-stdin" "-"`
[INFO] [stdout] stdin=`"passphrase"`
[INFO] [stdout] code=1
[INFO] [stdout] stdout=""
[INFO] [stdout] stderr=```
[INFO] [stdout] Error: cannot read both passphrase and input data from stdin
[INFO] [stdout] 
[INFO] [stdout] Stack backtrace:
[INFO] [stdout]    0: anyhow::error::<impl anyhow::Error>::msg
[INFO] [stdout]              at /opt/rustwide/cargo-home/registry/src/index.crates.io-6f17d22bba15001f/anyhow-1.0.76/src/error.rs:83:36
[INFO] [stdout]    1: anyhow::__private::format_err
[INFO] [stdout]              at /opt/rustwide/cargo-home/registry/src/index.crates.io-6f17d22bba15001f/anyhow-1.0.76/src/lib.rs:681:13
[INFO] [stdout]    2: rscrypt::app::ensure_stdin_does_not_conflict
[INFO] [stdout]              at /opt/rustwide/workdir/src/app.rs:19:9
[INFO] [stdout]    3: rscrypt::app::run
[INFO] [stdout]              at /opt/rustwide/workdir/src/app.rs:107:25
[INFO] [stdout]    4: rscrypt::main
[INFO] [stdout]              at /opt/rustwide/workdir/src/main.rs:86:11
[INFO] [stdout]    5: core::ops::function::FnOnce::call_once
[INFO] [stdout]              at /rustc/9c1665de5d324fe858dc15371578d6f928bfc123/library/core/src/ops/function.rs:250:5
[INFO] [stdout]    6: std::sys_common::backtrace::__rust_begin_short_backtrace
[INFO] [stdout]              at /rustc/9c1665de5d324fe858dc15371578d6f928bfc123/library/std/src/sys_common/backtrace.rs:155:18
[INFO] [stdout]    7: std::rt::lang_start::{{closure}}
[INFO] [stdout]              at /rustc/9c1665de5d324fe858dc15371578d6f928bfc123/library/std/src/rt.rs:166:18
[INFO] [stdout]    8: core::ops::function::impls::<impl core::ops::function::FnOnce<A> for &F>::call_once
[INFO] [stdout]              at /rustc/9c1665de5d324fe858dc15371578d6f928bfc123/library/core/src/ops/function.rs:284:13
[INFO] [stdout]    9: std::panicking::try::do_call
[INFO] [stdout]              at /rustc/9c1665de5d324fe858dc15371578d6f928bfc123/library/std/src/panicking.rs:552:40
[INFO] [stdout]   10: std::panicking::try
[INFO] [stdout]              at /rustc/9c1665de5d324fe858dc15371578d6f928bfc123/library/std/src/panicking.rs:516:19
[INFO] [stdout]   11: std::panic::catch_unwind
[INFO] [stdout]              at /rustc/9c1665de5d324fe858dc15371578d6f928bfc123/library/std/src/panic.rs:142:14
[INFO] [stdout]   12: std::rt::lang_start_internal::{{closure}}
[INFO] [stdout]              at /rustc/9c1665de5d324fe858dc15371578d6f928bfc123/library/std/src/rt.rs:148:48
[INFO] [stdout]   13: std::panicking::try::do_call
[INFO] [stdout]              at /rustc/9c1665de5d324fe858dc15371578d6f928bfc123/library/std/src/panicking.rs:552:40
[INFO] [stdout]   14: std::panicking::try
[INFO] [stdout]              at /rustc/9c1665de5d324fe858dc15371578d6f928bfc123/library/std/src/panicking.rs:516:19
[INFO] [stdout]   15: std::panic::catch_unwind
[INFO] [stdout]              at /rustc/9c1665de5d324fe858dc15371578d6f928bfc123/library/std/src/panic.rs:142:14
[INFO] [stdout]   16: std::rt::lang_start_internal
[INFO] [stdout]              at /rustc/9c1665de5d324fe858dc15371578d6f928bfc123/library/std/src/rt.rs:148:20
[INFO] [stdout]   17: std::rt::lang_start
[INFO] [stdout]              at /rustc/9c1665de5d324fe858dc15371578d6f928bfc123/library/std/src/rt.rs:165:17
[INFO] [stdout]   18: main
[INFO] [stdout]   19: <unknown>
[INFO] [stdout]   20: __libc_start_main
[INFO] [stdout]   21: _start
[INFO] [stdout] ```
[INFO] [stdout] 
[INFO] [stdout] 
[INFO] [stdout] stack backtrace:
[INFO] [stdout]    0:     0x55db02283c36 - std::backtrace_rs::backtrace::libunwind::trace::h91c8d54ed99a4c55
[INFO] [stdout]                                at /rustc/9c1665de5d324fe858dc15371578d6f928bfc123/library/std/src/../../backtrace/src/backtrace/libunwind.rs:104:5
[INFO] [stdout]    1:     0x55db02283c36 - std::backtrace_rs::backtrace::trace_unsynchronized::h715a9230a8fcfb93
[INFO] [stdout]                                at /rustc/9c1665de5d324fe858dc15371578d6f928bfc123/library/std/src/../../backtrace/src/backtrace/mod.rs:66:5
[INFO] [stdout]    2:     0x55db02283c36 - std::sys_common::backtrace::_print_fmt::hbab9610f7b3c51a4
[INFO] [stdout]                                at /rustc/9c1665de5d324fe858dc15371578d6f928bfc123/library/std/src/sys_common/backtrace.rs:68:5
[INFO] [stdout]    3:     0x55db02283c36 - <std::sys_common::backtrace::_print::DisplayBacktrace as core::fmt::Display>::fmt::h56c55e88977fc622
[INFO] [stdout]                                at /rustc/9c1665de5d324fe858dc15371578d6f928bfc123/library/std/src/sys_common/backtrace.rs:44:22
[INFO] [stdout]    4:     0x55db022adb70 - core::fmt::rt::Argument::fmt::heebe33f1e8c6d0f8
[INFO] [stdout]                                at /rustc/9c1665de5d324fe858dc15371578d6f928bfc123/library/core/src/fmt/rt.rs:142:9
[INFO] [stdout]    5:     0x55db022adb70 - core::fmt::write::h73e5b8b14759e609
[INFO] [stdout]                                at /rustc/9c1665de5d324fe858dc15371578d6f928bfc123/library/core/src/fmt/mod.rs:1120:17
[INFO] [stdout]    6:     0x55db02280fbf - std::io::Write::write_fmt::hc6810e91f58091ef
[INFO] [stdout]                                at /rustc/9c1665de5d324fe858dc15371578d6f928bfc123/library/std/src/io/mod.rs:1810:15
[INFO] [stdout]    7:     0x55db02283a14 - std::sys_common::backtrace::_print::h835c23092b2371d8
[INFO] [stdout]                                at /rustc/9c1665de5d324fe858dc15371578d6f928bfc123/library/std/src/sys_common/backtrace.rs:47:5
[INFO] [stdout]    8:     0x55db02283a14 - std::sys_common::backtrace::print::h220bc735ac93468b
[INFO] [stdout]                                at /rustc/9c1665de5d324fe858dc15371578d6f928bfc123/library/std/src/sys_common/backtrace.rs:34:9
[INFO] [stdout]    9:     0x55db02285807 - std::panicking::default_hook::{{closure}}::h13e5c81c71823f66
[INFO] [stdout]   10:     0x55db022854ed - std::panicking::default_hook::h49decadd8f3385a7
[INFO] [stdout]                                at /rustc/9c1665de5d324fe858dc15371578d6f928bfc123/library/std/src/panicking.rs:289:9
[INFO] [stdout]   11:     0x55db022007c7 - <alloc::boxed::Box<F,A> as core::ops::function::Fn<Args>>::call::h948fb53b8b08f768
[INFO] [stdout]                                at /rustc/9c1665de5d324fe858dc15371578d6f928bfc123/library/alloc/src/boxed.rs:2029:9
[INFO] [stdout]   12:     0x55db022007c7 - test::test_main::{{closure}}::hb4f3e5071c7080f1
[INFO] [stdout]                                at /rustc/9c1665de5d324fe858dc15371578d6f928bfc123/library/test/src/lib.rs:138:21
[INFO] [stdout]   13:     0x55db02285e26 - <alloc::boxed::Box<F,A> as core::ops::function::Fn<Args>>::call::hcd5802f61674126e
[INFO] [stdout]                                at /rustc/9c1665de5d324fe858dc15371578d6f928bfc123/library/alloc/src/boxed.rs:2029:9
[INFO] [stdout]   14:     0x55db02285e26 - std::panicking::rust_panic_with_hook::hd27f6b49984c37db
[INFO] [stdout]                                at /rustc/9c1665de5d324fe858dc15371578d6f928bfc123/library/std/src/panicking.rs:783:13
[INFO] [stdout]   15:     0x55db02285b72 - std::panicking::begin_panic_handler::{{closure}}::h3cbc731df9d96e4d
[INFO] [stdout]                                at /rustc/9c1665de5d324fe858dc15371578d6f928bfc123/library/std/src/panicking.rs:657:13
[INFO] [stdout]   16:     0x55db02284136 - std::sys_common::backtrace::__rust_end_short_backtrace::hc27809f103d211f0
[INFO] [stdout]                                at /rustc/9c1665de5d324fe858dc15371578d6f928bfc123/library/std/src/sys_common/backtrace.rs:171:18
[INFO] [stdout]   17:     0x55db022858d0 - rust_begin_unwind
[INFO] [stdout]                                at /rustc/9c1665de5d324fe858dc15371578d6f928bfc123/library/std/src/panicking.rs:645:5
[INFO] [stdout]   18:     0x55db021bd125 - core::panicking::panic_fmt::ha729e53058547cad
[INFO] [stdout]                                at /rustc/9c1665de5d324fe858dc15371578d6f928bfc123/library/core/src/panicking.rs:72:14
[INFO] [stdout]   19:     0x55db0220c13f - core::panicking::panic_display::h5e6e234801fe9897
[INFO] [stdout]                                at /rustc/9c1665de5d324fe858dc15371578d6f928bfc123/library/core/src/panicking.rs:196:5
[INFO] [stdout]   20:     0x55db022160ce - assert_cmd::assert::AssertError::panic::panic_cold_display::hba75c072c1105fdd
[INFO] [stdout]                                at /rustc/9c1665de5d324fe858dc15371578d6f928bfc123/library/core/src/panic.rs:99:13
[INFO] [stdout]   21:     0x55db02215a47 - assert_cmd::assert::AssertError::panic::hb662900aada7f026
[INFO] [stdout]                                at /opt/rustwide/cargo-home/registry/src/index.crates.io-6f17d22bba15001f/assert_cmd-2.0.12/src/assert.rs:1033:9
[INFO] [stdout]   22:     0x55db02216ed7 - core::ops::function::FnOnce::call_once::h0102e9c3f9af3364
[INFO] [stdout]                                at /rustc/9c1665de5d324fe858dc15371578d6f928bfc123/library/core/src/ops/function.rs:250:5
[INFO] [stdout]   23:     0x55db022124c0 - core::result::Result<T,E>::unwrap_or_else::hb8a088b2589a10ce
[INFO] [stdout]                                at /rustc/9c1665de5d324fe858dc15371578d6f928bfc123/library/core/src/result.rs:1426:23
[INFO] [stdout]   24:     0x55db021be6a5 - assert_cmd::assert::Assert::stderr::hd15abd928248d352
[INFO] [stdout]                                at /opt/rustwide/cargo-home/registry/src/index.crates.io-6f17d22bba15001f/assert_cmd-2.0.12/src/assert.rs:460:9
[INFO] [stdout]   25:     0x55db021cb278 - integration::validate_conflicts_if_reading_from_stdin_for_decrypt_command::hf5bea62b9fc599af
[INFO] [stdout]                                at /opt/rustwide/workdir/tests/integration.rs:716:5
[INFO] [stdout]   26:     0x55db021cb0f7 - integration::validate_conflicts_if_reading_from_stdin_for_decrypt_command::{{closure}}::hace2d15e78343009
[INFO] [stdout]                                at /opt/rustwide/workdir/tests/integration.rs:715:66
[INFO] [stdout]   27:     0x55db021c16b6 - core::ops::function::FnOnce::call_once::he8dfd8a5904ff4a0
[INFO] [stdout]                                at /rustc/9c1665de5d324fe858dc15371578d6f928bfc123/library/core/src/ops/function.rs:250:5
[INFO] [stdout]   28:     0x55db0220609f - core::ops::function::FnOnce::call_once::hc0fe9d49e29a8147
[INFO] [stdout]                                at /rustc/9c1665de5d324fe858dc15371578d6f928bfc123/library/core/src/ops/function.rs:250:5
[INFO] [stdout]   29:     0x55db0220609f - test::__rust_begin_short_backtrace::haa61ceb70470fb3e
[INFO] [stdout]                                at /rustc/9c1665de5d324fe858dc15371578d6f928bfc123/library/test/src/lib.rs:627:18
[INFO] [stdout]   30:     0x55db02204e21 - test::run_test_in_process::{{closure}}::h8585fae9636dddb2
[INFO] [stdout]                                at /rustc/9c1665de5d324fe858dc15371578d6f928bfc123/library/test/src/lib.rs:650:60
[INFO] [stdout]   31:     0x55db02204e21 - <core::panic::unwind_safe::AssertUnwindSafe<F> as core::ops::function::FnOnce<()>>::call_once::hb7a42bf7326d90ad
[INFO] [stdout]                                at /rustc/9c1665de5d324fe858dc15371578d6f928bfc123/library/core/src/panic/unwind_safe.rs:272:9
[INFO] [stdout]   32:     0x55db02204e21 - std::panicking::try::do_call::h9063f39381e190d5
[INFO] [stdout]                                at /rustc/9c1665de5d324fe858dc15371578d6f928bfc123/library/std/src/panicking.rs:552:40
[INFO] [stdout]   33:     0x55db02204e21 - std::panicking::try::h1e696c55679552ba
[INFO] [stdout]                                at /rustc/9c1665de5d324fe858dc15371578d6f928bfc123/library/std/src/panicking.rs:516:19
[INFO] [stdout]   34:     0x55db02204e21 - std::panic::catch_unwind::ha638c57cde7bcebd
[INFO] [stdout]                                at /rustc/9c1665de5d324fe858dc15371578d6f928bfc123/library/std/src/panic.rs:142:14
[INFO] [stdout]   35:     0x55db02204e21 - test::run_test_in_process::h87d13783dd3d2492
[INFO] [stdout]                                at /rustc/9c1665de5d324fe858dc15371578d6f928bfc123/library/test/src/lib.rs:650:27
[INFO] [stdout]   36:     0x55db02204e21 - test::run_test::{{closure}}::hbfb7402b4584e0f1
[INFO] [stdout]                                at /rustc/9c1665de5d324fe858dc15371578d6f928bfc123/library/test/src/lib.rs:573:43
[INFO] [stdout]   37:     0x55db021cc2c6 - test::run_test::{{closure}}::h6b5a8e7824747db3
[INFO] [stdout]                                at /rustc/9c1665de5d324fe858dc15371578d6f928bfc123/library/test/src/lib.rs:601:41
[INFO] [stdout]   38:     0x55db021cc2c6 - std::sys_common::backtrace::__rust_begin_short_backtrace::hd4768720b288897d
[INFO] [stdout]                                at /rustc/9c1665de5d324fe858dc15371578d6f928bfc123/library/std/src/sys_common/backtrace.rs:155:18
[INFO] [stdout]   39:     0x55db021d1327 - std::thread::Builder::spawn_unchecked_::{{closure}}::{{closure}}::ha03eb79d3e2ff5a3
[INFO] [stdout]                                at /rustc/9c1665de5d324fe858dc15371578d6f928bfc123/library/std/src/thread/mod.rs:529:17
[INFO] [stdout]   40:     0x55db021d1327 - <core::panic::unwind_safe::AssertUnwindSafe<F> as core::ops::function::FnOnce<()>>::call_once::hec8051eee7bc5c29
[INFO] [stdout]                                at /rustc/9c1665de5d324fe858dc15371578d6f928bfc123/library/core/src/panic/unwind_safe.rs:272:9
[INFO] [stdout]   41:     0x55db021d1327 - std::panicking::try::do_call::ha639d9c4a070100b
[INFO] [stdout]                                at /rustc/9c1665de5d324fe858dc15371578d6f928bfc123/library/std/src/panicking.rs:552:40
[INFO] [stdout]   42:     0x55db021d1327 - std::panicking::try::ha45df3d3f6ed1370
[INFO] [stdout]                                at /rustc/9c1665de5d324fe858dc15371578d6f928bfc123/library/std/src/panicking.rs:516:19
[INFO] [stdout]   43:     0x55db021d1327 - std::panic::catch_unwind::hac44f4c50a87c82d
[INFO] [stdout]                                at /rustc/9c1665de5d324fe858dc15371578d6f928bfc123/library/std/src/panic.rs:142:14
[INFO] [stdout]   44:     0x55db021d1327 - std::thread::Builder::spawn_unchecked_::{{closure}}::hfecb7080eaed2a35
[INFO] [stdout]                                at /rustc/9c1665de5d324fe858dc15371578d6f928bfc123/library/std/src/thread/mod.rs:528:30
[INFO] [stdout]   45:     0x55db021d1327 - core::ops::function::FnOnce::call_once{{vtable.shim}}::h4739d9410aed0b36
[INFO] [stdout]                                at /rustc/9c1665de5d324fe858dc15371578d6f928bfc123/library/core/src/ops/function.rs:250:5
[INFO] [stdout]   46:     0x55db0228b305 - <alloc::boxed::Box<F,A> as core::ops::function::FnOnce<Args>>::call_once::hf07182c172025753
[INFO] [stdout]                                at /rustc/9c1665de5d324fe858dc15371578d6f928bfc123/library/alloc/src/boxed.rs:2015:9
[INFO] [stdout]   47:     0x55db0228b305 - <alloc::boxed::Box<F,A> as core::ops::function::FnOnce<Args>>::call_once::hffcc280980d6bb6c
[INFO] [stdout]                                at /rustc/9c1665de5d324fe858dc15371578d6f928bfc123/library/alloc/src/boxed.rs:2015:9
[INFO] [stdout]   48:     0x55db0228b305 - std::sys::unix::thread::Thread::new::thread_start::h35e8c1dabb0282bb
[INFO] [stdout]                                at /rustc/9c1665de5d324fe858dc15371578d6f928bfc123/library/std/src/sys/unix/thread.rs:108:17
[INFO] [stdout]   49:     0x7ff8b42fbac3 - <unknown>
[INFO] [stdout]   50:     0x7ff8b438cbf4 - __clone
[INFO] [stdout]   51:                0x0 - <unknown>
[INFO] [stdout] 
[INFO] [stdout] 
[INFO] [stdout] failures:
[INFO] [stdout]     validate_conflicts_if_reading_from_stdin_for_decrypt_command
[INFO] [stdout]     validate_conflicts_if_reading_from_stdin_for_encrypt_command
[INFO] [stdout] 
[INFO] [stdout] test result: FAILED. 27 passed; 2 failed; 0 ignored; 0 measured; 0 filtered out; finished in 30.72s
[INFO] [stdout] 
[INFO] [stderr] error: test failed, to rerun pass `--test integration`
[INFO] running `Command { std: "docker" "inspect" "b57050492f2861f985a4669801b5019a3c93672e7eed5db5e2fcd509b0393514", kill_on_drop: false }`
[INFO] running `Command { std: "docker" "rm" "-f" "b57050492f2861f985a4669801b5019a3c93672e7eed5db5e2fcd509b0393514", kill_on_drop: false }`
[INFO] [stdout] b57050492f2861f985a4669801b5019a3c93672e7eed5db5e2fcd509b0393514
